{"id":19496,"date":"2020-12-02T20:50:38","date_gmt":"2020-12-02T19:50:38","guid":{"rendered":"https:\/\/crearesa.de\/shop\/?post_type=product&#038;p=19496"},"modified":"2021-11-11T10:22:10","modified_gmt":"2021-11-11T09:22:10","slug":"minibag-tessi-maskentasche-schnittmuster","status":"publish","type":"product","link":"https:\/\/crearesa.de\/shop\/produkt\/minibag-tessi-maskentasche-schnittmuster\/","title":{"rendered":"Minibag Tessi 1 &#8211; Schnittmuster (E-Book)"},"content":{"rendered":"<p class=\"p1\">Die Minibag Tessi 1 ist ein cooles kleines T\u00e4schchen in Form einer Dose f\u00fcr Krimskrams, Kosmetik, Geld oder auch deine Mund-Nasen-Maske. Mit Karabiner versehen, l\u00e4sst sich das T\u00e4schchen an oder in eine gro\u00dfe Tasche h\u00e4ngen.<br \/>\nVielleicht wird die Minibag Tessi 1 deine neue Maskentasche oder dein Maskent\u00e4schchen f\u00fcr die Ersatzmaske?<\/p>\n<p>Das E-Book enth\u00e4lt eine ausf\u00fchrliche Schritt-f\u00fcr-Schritt-Anleitung mit vielen Fotos. Das Schnittmuster besteht aus einer DIN A4 Seite, die du zweimal ausdrucken musst. Die Schnitteile sind mit vielen Markierungen versehen, so dass es dir leicht f\u00e4llt, genau zu arbeiten. Die Anleitung ist so geschrieben, dass auch Anf\u00e4nger damit zurecht kommen. Ein bisschen N\u00e4herfahrung solltest du aber mitbringen.<\/p>\n<p>N\u00e4hschwierigkeit: mittel<\/p>\n<p>Gr\u00f6\u00dfe 8,5 x 8,5 x 7,5 cm<\/p>\n<p><strong>Material<\/strong><\/p>\n<ul>\n<li>Au\u00dfenstoff 20 cm x 30 cm: Jeans, Canvas, Kunstleder, Leder usw.<span class=\"Apple-converted-space\">\u00a0 <\/span><b>Das Material darf nicht zu steif sein.<\/b><\/li>\n<li>Futterstoff 20 cm x 30 cm Baumwollstoff<\/li>\n<li>Endlosrei\u00dfverschluss 30 cm mit 6,5 mm Raupe und Zipper<\/li>\n<li>30 cm fertiges Schr\u00e4gband 18mm breit oder Schr\u00e4gstreifen aus Baumwolle 3,5 cm breit<\/li>\n<li>Gurtband 25mm breit und ca. 15 cm lang , alternativ kannst du die Schlaufe aus dem Oberstoff n\u00e4hen<\/li>\n<li>Karabiner oder D-Ring passend zum Gurtband<\/li>\n<\/ul>\n<p><strong>Nach erfolgter Bezahlung (Paypal oder Vorauszahlung) erh\u00e4ltst du eine E-Mail mit einem Download-Link. F\u00fcr den Ausdruck ben\u00f6tigst du einen Drucker.<\/strong><\/p>\n<p><strong>Mehr Designbeispiele und erg\u00e4nzende Tutorials findest du auf meinem <a href=\"https:\/\/crearesa.de\/category\/minibag-tessi\/\" rel=\"noopener noreferrer\">Blog<\/a><\/strong><\/p>\n<p>F\u00fcr alle Blogger unter euch: Zeig uns deine fertige Minibag Tessi auf Instagram unter <a href=\"https:\/\/www.instagram.com\/explore\/tags\/minibagtessi\/\" target=\"_blank\" rel=\"noopener noreferrer\">#minibagtessi<\/a>\u00a0 <a href=\"https:\/\/www.instagram.com\/explore\/tags\/minibagtessi1\/\" target=\"_blank\" rel=\"noopener noreferrer\">#minibagtessi1<\/a> <a href=\"https:\/\/www.instagram.com\/crearesa\/\" target=\"_blank\" rel=\"noopener noreferrer\">@crearesa<\/a>.<\/p>\n","protected":false},"excerpt":{"rendered":"<p>Ein cooles kleines T\u00e4schchen in Form einer Dose f\u00fcr Krimskrams, Kosmetik, Geld oder auch deine Mund-Nasen-Maske. Mit Karabiner versehen, l\u00e4sst sich das T\u00e4schchen an oder in eine gro\u00dfe Tasche h\u00e4ngen.<\/p>\n<p>&nbsp;<\/p>\n<p>&nbsp;<\/p>\n","protected":false},"featured_media":19505,"comment_status":"open","ping_status":"closed","template":"","meta":{"site-sidebar-layout":"default","site-content-layout":"default","ast-site-content-layout":"default","site-content-style":"default","site-sidebar-style":"default","ast-global-header-display":"","ast-banner-title-visibility":"","ast-main-header-display":"","ast-hfb-above-header-display":"","ast-hfb-below-header-display":"","ast-hfb-mobile-header-display":"","site-post-title":"","ast-breadcrumbs-content":"","ast-featured-img":"","footer-sml-layout":"","ast-disable-related-posts":"","theme-transparent-header-meta":"default","adv-header-id-meta":"","stick-header-meta":"default","header-above-stick-meta":"","header-main-stick-meta":"","header-below-stick-meta":"","astra-migrate-meta-layouts":"default","ast-page-background-enabled":"default","ast-page-background-meta":{"desktop":{"background-color":"","background-image":"","background-repeat":"repeat","background-position":"center center","background-size":"auto","background-attachment":"scroll","background-type":"","background-media":"","overlay-type":"","overlay-color":"","overlay-opacity":"","overlay-gradient":""},"tablet":{"background-color":"","background-image":"","background-repeat":"repeat","background-position":"center center","background-size":"auto","background-attachment":"scroll","background-type":"","background-media":"","overlay-type":"","overlay-color":"","overlay-opacity":"","overlay-gradient":""},"mobile":{"background-color":"","background-image":"","background-repeat":"repeat","background-position":"center center","background-size":"auto","background-attachment":"scroll","background-type":"","background-media":"","overlay-type":"","overlay-color":"","overlay-opacity":"","overlay-gradient":""}},"ast-content-background-meta":{"desktop":{"background-color":"var(--ast-global-color-5)","background-image":"","background-repeat":"repeat","background-position":"center center","background-size":"auto","background-attachment":"scroll","background-type":"","background-media":"","overlay-type":"","overlay-color":"","overlay-opacity":"","overlay-gradient":""},"tablet":{"background-color":"var(--ast-global-color-5)","background-image":"","background-repeat":"repeat","background-position":"center center","background-size":"auto","background-attachment":"scroll","background-type":"","background-media":"","overlay-type":"","overlay-color":"","overlay-opacity":"","overlay-gradient":""},"mobile":{"background-color":"var(--ast-global-color-5)","background-image":"","background-repeat":"repeat","background-position":"center center","background-size":"auto","background-attachment":"scroll","background-type":"","background-media":"","overlay-type":"","overlay-color":"","overlay-opacity":"","overlay-gradient":""}}},"product_brand":[],"product_cat":[34],"product_tag":[44,76,78,84],"class_list":{"0":"post-19496","1":"product","2":"type-product","3":"status-publish","4":"has-post-thumbnail","6":"product_cat-schnittmuster-fuer-taschen","7":"product_tag-kosmetiktasche","8":"product_tag-ledertasche","9":"product_tag-kleine-tasche","10":"product_tag-maskentasche","11":"desktop-align-left","12":"tablet-align-left","13":"mobile-align-left","14":"ast-product-gallery-layout-horizontal","15":"ast-product-tabs-layout-vertical","17":"first","18":"instock","19":"downloadable","20":"virtual","21":"sold-individually","22":"taxable","23":"purchasable","24":"product-type-simple"},"yoast_head":"<!-- This site is optimized with the Yoast SEO plugin v27.3 - https:\/\/yoast.com\/product\/yoast-seo-wordpress\/ -->\n<title>Minibag Tessi 1 - Schnittmuster (E-Book) - creaResa - sch\u00f6ne Sachen selber machen<\/title>\n<meta name=\"robots\" content=\"index, follow, max-snippet:-1, max-image-preview:large, max-video-preview:-1\" \/>\n<link rel=\"canonical\" href=\"https:\/\/crearesa.de\/shop\/produkt\/minibag-tessi-maskentasche-schnittmuster\/\" \/>\n<meta property=\"og:locale\" content=\"de_DE\" \/>\n<meta property=\"og:type\" content=\"article\" \/>\n<meta property=\"og:title\" content=\"Minibag Tessi 1 - Schnittmuster (E-Book) - creaResa - sch\u00f6ne Sachen selber machen\" \/>\n<meta property=\"og:description\" content=\"Ein cooles kleines T\u00e4schchen in Form einer Dose f\u00fcr Krimskrams, Kosmetik, Geld oder auch deine Mund-Nasen-Maske. Mit Karabiner versehen, l\u00e4sst sich das T\u00e4schchen an oder in eine gro\u00dfe Tasche h\u00e4ngen.  &nbsp;  &nbsp;\" \/>\n<meta property=\"og:url\" content=\"https:\/\/crearesa.de\/shop\/produkt\/minibag-tessi-maskentasche-schnittmuster\/\" \/>\n<meta property=\"og:site_name\" content=\"creaResa - sch\u00f6ne Sachen selber machen\" \/>\n<meta property=\"article:publisher\" content=\"https:\/\/www.facebook.com\/crearesa\/\" \/>\n<meta property=\"article:modified_time\" content=\"2021-11-11T09:22:10+00:00\" \/>\n<meta property=\"og:image\" content=\"https:\/\/crearesa.de\/shop\/wp-content\/uploads\/2020\/12\/minibag-tessi1-maskentasche-30.jpg\" \/>\n\t<meta property=\"og:image:width\" content=\"1500\" \/>\n\t<meta property=\"og:image:height\" content=\"1500\" \/>\n\t<meta property=\"og:image:type\" content=\"image\/jpeg\" \/>\n<meta name=\"twitter:card\" content=\"summary_large_image\" \/>\n<meta name=\"twitter:label1\" content=\"Gesch\u00e4tzte Lesezeit\" \/>\n\t<meta name=\"twitter:data1\" content=\"1\u00a0Minute\" \/>\n<script type=\"application\/ld+json\" class=\"yoast-schema-graph\">{\"@context\":\"https:\\\/\\\/schema.org\",\"@graph\":[{\"@type\":\"WebPage\",\"@id\":\"https:\\\/\\\/crearesa.de\\\/shop\\\/produkt\\\/minibag-tessi-maskentasche-schnittmuster\\\/\",\"url\":\"https:\\\/\\\/crearesa.de\\\/shop\\\/produkt\\\/minibag-tessi-maskentasche-schnittmuster\\\/\",\"name\":\"Minibag Tessi 1 - Schnittmuster (E-Book) - creaResa - sch\u00f6ne Sachen selber machen\",\"isPartOf\":{\"@id\":\"https:\\\/\\\/crearesa.de\\\/shop\\\/#website\"},\"primaryImageOfPage\":{\"@id\":\"https:\\\/\\\/crearesa.de\\\/shop\\\/produkt\\\/minibag-tessi-maskentasche-schnittmuster\\\/#primaryimage\"},\"image\":{\"@id\":\"https:\\\/\\\/crearesa.de\\\/shop\\\/produkt\\\/minibag-tessi-maskentasche-schnittmuster\\\/#primaryimage\"},\"thumbnailUrl\":\"https:\\\/\\\/crearesa.de\\\/shop\\\/wp-content\\\/uploads\\\/2020\\\/12\\\/minibag-tessi1-maskentasche-30.jpg\",\"datePublished\":\"2020-12-02T19:50:38+00:00\",\"dateModified\":\"2021-11-11T09:22:10+00:00\",\"breadcrumb\":{\"@id\":\"https:\\\/\\\/crearesa.de\\\/shop\\\/produkt\\\/minibag-tessi-maskentasche-schnittmuster\\\/#breadcrumb\"},\"inLanguage\":\"de\",\"potentialAction\":[{\"@type\":\"ReadAction\",\"target\":[\"https:\\\/\\\/crearesa.de\\\/shop\\\/produkt\\\/minibag-tessi-maskentasche-schnittmuster\\\/\"]}]},{\"@type\":\"ImageObject\",\"inLanguage\":\"de\",\"@id\":\"https:\\\/\\\/crearesa.de\\\/shop\\\/produkt\\\/minibag-tessi-maskentasche-schnittmuster\\\/#primaryimage\",\"url\":\"https:\\\/\\\/crearesa.de\\\/shop\\\/wp-content\\\/uploads\\\/2020\\\/12\\\/minibag-tessi1-maskentasche-30.jpg\",\"contentUrl\":\"https:\\\/\\\/crearesa.de\\\/shop\\\/wp-content\\\/uploads\\\/2020\\\/12\\\/minibag-tessi1-maskentasche-30.jpg\",\"width\":1500,\"height\":1500},{\"@type\":\"BreadcrumbList\",\"@id\":\"https:\\\/\\\/crearesa.de\\\/shop\\\/produkt\\\/minibag-tessi-maskentasche-schnittmuster\\\/#breadcrumb\",\"itemListElement\":[{\"@type\":\"ListItem\",\"position\":1,\"name\":\"Startseite\",\"item\":\"https:\\\/\\\/crearesa.de\\\/shop\\\/\"},{\"@type\":\"ListItem\",\"position\":2,\"name\":\"Schnittmuster Shop\",\"item\":\"https:\\\/\\\/crearesa.de\\\/shop\\\/\"},{\"@type\":\"ListItem\",\"position\":3,\"name\":\"Minibag Tessi 1 &#8211; Schnittmuster (E-Book)\"}]},{\"@type\":\"WebSite\",\"@id\":\"https:\\\/\\\/crearesa.de\\\/shop\\\/#website\",\"url\":\"https:\\\/\\\/crearesa.de\\\/shop\\\/\",\"name\":\"creaResa - sch\u00f6ne Sachen selber machen\",\"description\":\"Shop f\u00fcr Schnittmuster und N\u00e4hpakete\",\"publisher\":{\"@id\":\"https:\\\/\\\/crearesa.de\\\/shop\\\/#organization\"},\"potentialAction\":[{\"@type\":\"SearchAction\",\"target\":{\"@type\":\"EntryPoint\",\"urlTemplate\":\"https:\\\/\\\/crearesa.de\\\/shop\\\/?s={search_term_string}\"},\"query-input\":{\"@type\":\"PropertyValueSpecification\",\"valueRequired\":true,\"valueName\":\"search_term_string\"}}],\"inLanguage\":\"de\"},{\"@type\":\"Organization\",\"@id\":\"https:\\\/\\\/crearesa.de\\\/shop\\\/#organization\",\"name\":\"creaResa\",\"url\":\"https:\\\/\\\/crearesa.de\\\/shop\\\/\",\"logo\":{\"@type\":\"ImageObject\",\"inLanguage\":\"de\",\"@id\":\"https:\\\/\\\/crearesa.de\\\/shop\\\/#\\\/schema\\\/logo\\\/image\\\/\",\"url\":\"https:\\\/\\\/crearesa.de\\\/shop\\\/wp-content\\\/uploads\\\/2020\\\/06\\\/logo_crearesa-1.png\",\"contentUrl\":\"https:\\\/\\\/crearesa.de\\\/shop\\\/wp-content\\\/uploads\\\/2020\\\/06\\\/logo_crearesa-1.png\",\"width\":400,\"height\":172,\"caption\":\"creaResa\"},\"image\":{\"@id\":\"https:\\\/\\\/crearesa.de\\\/shop\\\/#\\\/schema\\\/logo\\\/image\\\/\"},\"sameAs\":[\"https:\\\/\\\/www.facebook.com\\\/crearesa\\\/\",\"https:\\\/\\\/www.instagram.com\\\/crearesa\\\/\",\"https:\\\/\\\/www.pinterest.de\\\/resa_crearesa\\\/\"]}]}<\/script>\n<!-- \/ Yoast SEO plugin. -->","yoast_head_json":{"title":"Minibag Tessi 1 - Schnittmuster (E-Book) - creaResa - sch\u00f6ne Sachen selber machen","robots":{"index":"index","follow":"follow","max-snippet":"max-snippet:-1","max-image-preview":"max-image-preview:large","max-video-preview":"max-video-preview:-1"},"canonical":"https:\/\/crearesa.de\/shop\/produkt\/minibag-tessi-maskentasche-schnittmuster\/","og_locale":"de_DE","og_type":"article","og_title":"Minibag Tessi 1 - Schnittmuster (E-Book) - creaResa - sch\u00f6ne Sachen selber machen","og_description":"Ein cooles kleines T\u00e4schchen in Form einer Dose f\u00fcr Krimskrams, Kosmetik, Geld oder auch deine Mund-Nasen-Maske. Mit Karabiner versehen, l\u00e4sst sich das T\u00e4schchen an oder in eine gro\u00dfe Tasche h\u00e4ngen.  &nbsp;  &nbsp;","og_url":"https:\/\/crearesa.de\/shop\/produkt\/minibag-tessi-maskentasche-schnittmuster\/","og_site_name":"creaResa - sch\u00f6ne Sachen selber machen","article_publisher":"https:\/\/www.facebook.com\/crearesa\/","article_modified_time":"2021-11-11T09:22:10+00:00","og_image":[{"width":1500,"height":1500,"url":"https:\/\/crearesa.de\/shop\/wp-content\/uploads\/2020\/12\/minibag-tessi1-maskentasche-30.jpg","type":"image\/jpeg"}],"twitter_card":"summary_large_image","twitter_misc":{"Gesch\u00e4tzte Lesezeit":"1\u00a0Minute"},"schema":{"@context":"https:\/\/schema.org","@graph":[{"@type":"WebPage","@id":"https:\/\/crearesa.de\/shop\/produkt\/minibag-tessi-maskentasche-schnittmuster\/","url":"https:\/\/crearesa.de\/shop\/produkt\/minibag-tessi-maskentasche-schnittmuster\/","name":"Minibag Tessi 1 - Schnittmuster (E-Book) - creaResa - sch\u00f6ne Sachen selber machen","isPartOf":{"@id":"https:\/\/crearesa.de\/shop\/#website"},"primaryImageOfPage":{"@id":"https:\/\/crearesa.de\/shop\/produkt\/minibag-tessi-maskentasche-schnittmuster\/#primaryimage"},"image":{"@id":"https:\/\/crearesa.de\/shop\/produkt\/minibag-tessi-maskentasche-schnittmuster\/#primaryimage"},"thumbnailUrl":"https:\/\/crearesa.de\/shop\/wp-content\/uploads\/2020\/12\/minibag-tessi1-maskentasche-30.jpg","datePublished":"2020-12-02T19:50:38+00:00","dateModified":"2021-11-11T09:22:10+00:00","breadcrumb":{"@id":"https:\/\/crearesa.de\/shop\/produkt\/minibag-tessi-maskentasche-schnittmuster\/#breadcrumb"},"inLanguage":"de","potentialAction":[{"@type":"ReadAction","target":["https:\/\/crearesa.de\/shop\/produkt\/minibag-tessi-maskentasche-schnittmuster\/"]}]},{"@type":"ImageObject","inLanguage":"de","@id":"https:\/\/crearesa.de\/shop\/produkt\/minibag-tessi-maskentasche-schnittmuster\/#primaryimage","url":"https:\/\/crearesa.de\/shop\/wp-content\/uploads\/2020\/12\/minibag-tessi1-maskentasche-30.jpg","contentUrl":"https:\/\/crearesa.de\/shop\/wp-content\/uploads\/2020\/12\/minibag-tessi1-maskentasche-30.jpg","width":1500,"height":1500},{"@type":"BreadcrumbList","@id":"https:\/\/crearesa.de\/shop\/produkt\/minibag-tessi-maskentasche-schnittmuster\/#breadcrumb","itemListElement":[{"@type":"ListItem","position":1,"name":"Startseite","item":"https:\/\/crearesa.de\/shop\/"},{"@type":"ListItem","position":2,"name":"Schnittmuster Shop","item":"https:\/\/crearesa.de\/shop\/"},{"@type":"ListItem","position":3,"name":"Minibag Tessi 1 &#8211; Schnittmuster (E-Book)"}]},{"@type":"WebSite","@id":"https:\/\/crearesa.de\/shop\/#website","url":"https:\/\/crearesa.de\/shop\/","name":"creaResa - sch\u00f6ne Sachen selber machen","description":"Shop f\u00fcr Schnittmuster und N\u00e4hpakete","publisher":{"@id":"https:\/\/crearesa.de\/shop\/#organization"},"potentialAction":[{"@type":"SearchAction","target":{"@type":"EntryPoint","urlTemplate":"https:\/\/crearesa.de\/shop\/?s={search_term_string}"},"query-input":{"@type":"PropertyValueSpecification","valueRequired":true,"valueName":"search_term_string"}}],"inLanguage":"de"},{"@type":"Organization","@id":"https:\/\/crearesa.de\/shop\/#organization","name":"creaResa","url":"https:\/\/crearesa.de\/shop\/","logo":{"@type":"ImageObject","inLanguage":"de","@id":"https:\/\/crearesa.de\/shop\/#\/schema\/logo\/image\/","url":"https:\/\/crearesa.de\/shop\/wp-content\/uploads\/2020\/06\/logo_crearesa-1.png","contentUrl":"https:\/\/crearesa.de\/shop\/wp-content\/uploads\/2020\/06\/logo_crearesa-1.png","width":400,"height":172,"caption":"creaResa"},"image":{"@id":"https:\/\/crearesa.de\/shop\/#\/schema\/logo\/image\/"},"sameAs":["https:\/\/www.facebook.com\/crearesa\/","https:\/\/www.instagram.com\/crearesa\/","https:\/\/www.pinterest.de\/resa_crearesa\/"]}]}},"_links":{"self":[{"href":"https:\/\/crearesa.de\/shop\/wp-json\/wp\/v2\/product\/19496","targetHints":{"allow":["GET"]}}],"collection":[{"href":"https:\/\/crearesa.de\/shop\/wp-json\/wp\/v2\/product"}],"about":[{"href":"https:\/\/crearesa.de\/shop\/wp-json\/wp\/v2\/types\/product"}],"replies":[{"embeddable":true,"href":"https:\/\/crearesa.de\/shop\/wp-json\/wp\/v2\/comments?post=19496"}],"wp:featuredmedia":[{"embeddable":true,"href":"https:\/\/crearesa.de\/shop\/wp-json\/wp\/v2\/media\/19505"}],"wp:attachment":[{"href":"https:\/\/crearesa.de\/shop\/wp-json\/wp\/v2\/media?parent=19496"}],"wp:term":[{"taxonomy":"product_brand","embeddable":true,"href":"https:\/\/crearesa.de\/shop\/wp-json\/wp\/v2\/product_brand?post=19496"},{"taxonomy":"product_cat","embeddable":true,"href":"https:\/\/crearesa.de\/shop\/wp-json\/wp\/v2\/product_cat?post=19496"},{"taxonomy":"product_tag","embeddable":true,"href":"https:\/\/crearesa.de\/shop\/wp-json\/wp\/v2\/product_tag?post=19496"}],"curies":[{"name":"wp","href":"https:\/\/api.w.org\/{rel}","templated":true}]}}