{"id":20840,"date":"2021-05-04T21:03:08","date_gmt":"2021-05-04T19:03:08","guid":{"rendered":"https:\/\/crearesa.de\/shop\/?post_type=product&#038;p=20840"},"modified":"2025-08-19T08:36:51","modified_gmt":"2025-08-19T06:36:51","slug":"shirt-sonni-schulterpolster-schnittmuster","status":"publish","type":"product","link":"https:\/\/crearesa.de\/shop\/produkt\/shirt-sonni-schulterpolster-schnittmuster\/","title":{"rendered":"Shirt Sonni mit Schulterpolstern &#8211; Schnittmuster (E-Book)"},"content":{"rendered":"<p class=\"p1\">Shirt Sonni mit betonten Schultern &#8211; ein absolutes Must-have f\u00fcr den Sommer! Die kleinen Polster werden aus Jersey gen\u00e4ht und nicht zus\u00e4tzlich wattiert. Eine super tragbare Variante des 80er-Jahre-Trends.<\/p>\n<p>Inklusive Add-On f\u00fcr den V-Ausschnitt. Wie du den V-Ausschnitt n\u00e4hst habe ich <a href=\"https:\/\/crearesa.de\/v-ausschnitt-mit-buendchen-naehen\/\" target=\"_blank\" rel=\"noopener\">hier auf meinem Blog<\/a> beschrieben.<\/p>\n<p>Das Shirt l\u00e4sst sich auch ohne Schulterpolster n\u00e4hen und beliebig &#8211; bis zum Kleid &#8211; verl\u00e4ngern.<\/p>\n<p><strong>N\u00e4hschwierigkeit: leicht<br \/>\nGr\u00f6\u00dfe: 34 bis 48<br \/>\n<\/strong><\/p>\n<p>Ausf\u00fchrliche Schritt-f\u00fcr-Schritt-Anleitung mit zahlreichen Fotos. Das N\u00e4hen ist besonders einfach, da der Armausschnitt nicht eingefasst werden muss.<br \/>\nVorder- und R\u00fcckenteil enthalten keine Nahtzugabe, bei Schulterpolster und Halsb\u00fcndchen ist die Nahtzugabe dabei.<\/p>\n<p><strong>Nach dem Kauf kannst du eine ZIP-Datei herunterladen und entpacken. In dieser sind enthalten:<\/strong><\/p>\n<ul>\n<li>Das Schnittmuster als PDF-Datei zum Ausdruck auf DIN A4 Papier (12 Seiten).\u00a0 Die Gr\u00f6\u00dfen sind auf einzelnen Ebenen angelegt. Du kannst die Gr\u00f6\u00dfen, die du nicht ben\u00f6tigst, vor dem Ausdruck ausblenden.<span class=\"Apple-converted-space\" style=\"font-size: 16px; font-family: -apple-system, BlinkMacSystemFont, 'Segoe UI', Roboto, Oxygen-Sans, Ubuntu, Cantarell, 'Helvetica Neue', sans-serif;\">\u00a0<\/span><br \/>\nNach dem Ausdruck musst du die Seiten zusammenkleben.<a style=\"font-family: -apple-system, BlinkMacSystemFont, 'Segoe UI', Roboto, Oxygen-Sans, Ubuntu, Cantarell, 'Helvetica Neue', sans-serif;\" href=\"https:\/\/crearesa.de\/schnittmuster-e-book-ausdrucken-und-kleben\/\" target=\"_blank\" rel=\"noopener noreferrer\">\u00a0&gt;&gt; Eine Anleitung dazu findest du auf meinem Blog.<\/a><\/li>\n<li>Das Schnittmuster als PDF-Datei im DIN A0 Format f\u00fcr den Ausdruck mit einem Plotter &#8211; entweder in einer Druckerei oder bei einer Online-Plotterei.<\/li>\n<li><strong>Neu: jetzt mit Beamer-Datei:<\/strong><br \/>\nGr\u00f6\u00dfen auf Ebenen, Vorder- und R\u00fcckenteil als Ganzes mit Mittellinie, starke Linien und gro\u00dfe Schrift, ausreichend Rand, Ebene mit Gitternetz 5&#215;5 cm<\/li>\n<li>Anleitung mit Gr\u00f6\u00dfentabelle, Fertigma\u00dfen, Designbeispielen.<\/li>\n<\/ul>\n<p class=\"p1\"><b>Stoffempfehlung: Jerseystoffe aller Art.<br \/>\n<\/b>Am besten eignet sich Baumwolljersey mit und ohne Elasthan.<span class=\"Apple-converted-space\"><br \/>\nWenn du das Shirt aus d\u00fcnnem Viskosejersey n\u00e4hst, kannst du f\u00fcr die Schulterpolster auch einen festeren Baumwolljersey nehmen, das gibt den Schultern mehr Stand. Alternativ kannst du die Polster auch mit Vlieseline verst\u00e4rken.<br \/>\n<\/span><\/p>\n<p><strong>Materialverbrauch<\/strong><\/p>\n<ul>\n<li class=\"p1\">Shirt und B\u00fcndchen aus demselben Stoff:<br \/>\nStoffbreite 140 cm:<span class=\"Apple-converted-space\">\u00a0 <\/span><strong>Gr. 34-40: 80 cm, Gr. 42-48: 90 cm<\/strong><br \/>\nStoffbreite 150 cm:<span class=\"Apple-converted-space\">\u00a0 <\/span><strong>Gr. 34-44: 80 cm, Gr. 46-48: 90 cm<\/strong><\/li>\n<li class=\"p1\"><strong>oder<\/strong> Shirt aus Hauptstoff, B\u00fcndchen aus B\u00fcndchenstoff:<br \/>\nJersey Stoffbreite 140 cm<b>:<\/b> <strong>Gr. 34-40: 70 cm, Gr. 42-48: 90 cm<\/strong><br \/>\nJersey Stoffbreite 150 cm: <strong>Gr. 34-44: 70 cm, Gr. 46-48: 90 cm<\/strong><br \/>\nB\u00fcndchenstoff: <strong>10 cm<\/strong><\/li>\n<\/ul>\n<p><b>Mehr Infos zum Schnittmuster &#8211; wie wird gen\u00e4ht, welche Stoffe habe ich verwendet &#8211;\u00a0 findest du in meinem Blogbeitrag &#8220;<a href=\"https:\/\/crearesa.de\/shirt-mit-schulterpolstern-naehen\">Shirt mit Schulterpolstern n\u00e4hen<\/a>&#8220;.<\/b><\/p>\n<p>Zeig uns dein Shirt Sonni auf Instagram mit dem Hashtag \u00a0#shirtsonni<\/p>\n<p><strong>Weitere schnell gen\u00e4hte Basic-Schnittmuster:<\/strong><\/p>\n<p><a href=\"https:\/\/crearesa.de\/shop\/produkt\/basic-top-resa-schnittmuster-e-book\/\">Basic Top Resa<\/a><strong><br \/>\n<\/strong><a href=\"https:\/\/crearesa.de\/shop\/produkt\/basic-shirt-resa-schnittmuster-e-book\/\">Basic Shirt Resa<\/a><br \/>\n<a href=\"https:\/\/crearesa.de\/shop\/produkt\/basic-hoodie-resa-schnittmuster\/\">Basic Hoodie Resa<\/a><br \/>\n<a href=\"https:\/\/crearesa.de\/shop\/produkt\/rock-resa-schnittmuster\/\">Rock Resa<\/a><br \/>\nPassend dazu: <a href=\"https:\/\/crearesa.de\/shop\/produkt\/tasche-resa-basic-schnittmuster\/\">Tasche Resa Basic<\/a> und <a href=\"https:\/\/crearesa.de\/shop\/produkt\/turnbeutel-resa\/\">Turnbeutel Resa<\/a><\/p>\n","protected":false},"excerpt":{"rendered":"<p>Ein absolutes Must-have f\u00fcr den Sommer! Die kleinen Polster des Tops werden selber gen\u00e4ht. Eine super tragbare Variante des 80er-Jahre-Trends.<\/p>\n<div class=\"thrv_wrapper thrv_bullets_shortcode\">\n<ul>\n<li>weite l\u00e4ssige Form<\/li>\n<li>Schulterverst\u00e4rkung durch leichte Schulterpolster, die aus Jersey gen\u00e4ht werden<\/li>\n<li>geht auch ohne Schulterpolster<\/li>\n<li>kann beliebig &#8211; bis zum Kleid &#8211; verl\u00e4ngert werden<\/li>\n<li>ganz einfach zu n\u00e4hen<\/li>\n<li>Gr. 34 bis 48<\/li>\n<li><strong>inklusive<\/strong> <strong>Add-On f\u00fcr einen V-Ausschnitt<\/strong><\/li>\n<\/ul>\n<p>Dieses Schnittmuster kannst du auch mit dem\u00a0 Kombipaket <a href=\"https:\/\/crearesa.de\/shop\/produkt\/sommer-basic-shirts-schnittmuster-kombipaket\/\">Sommer-Basic-Shirts<\/a> erwerben.<\/p>\n<\/div>\n","protected":false},"featured_media":26486,"comment_status":"open","ping_status":"closed","template":"","meta":{"site-sidebar-layout":"default","site-content-layout":"default","ast-site-content-layout":"default","site-content-style":"default","site-sidebar-style":"default","ast-global-header-display":"","ast-banner-title-visibility":"","ast-main-header-display":"","ast-hfb-above-header-display":"","ast-hfb-below-header-display":"","ast-hfb-mobile-header-display":"","site-post-title":"","ast-breadcrumbs-content":"","ast-featured-img":"","footer-sml-layout":"","ast-disable-related-posts":"","theme-transparent-header-meta":"default","adv-header-id-meta":"","stick-header-meta":"default","header-above-stick-meta":"","header-main-stick-meta":"","header-below-stick-meta":"","astra-migrate-meta-layouts":"set","ast-page-background-enabled":"default","ast-page-background-meta":{"desktop":{"background-color":"","background-image":"","background-repeat":"repeat","background-position":"center center","background-size":"auto","background-attachment":"scroll","background-type":"","background-media":"","overlay-type":"","overlay-color":"","overlay-opacity":"","overlay-gradient":""},"tablet":{"background-color":"","background-image":"","background-repeat":"repeat","background-position":"center center","background-size":"auto","background-attachment":"scroll","background-type":"","background-media":"","overlay-type":"","overlay-color":"","overlay-opacity":"","overlay-gradient":""},"mobile":{"background-color":"","background-image":"","background-repeat":"repeat","background-position":"center center","background-size":"auto","background-attachment":"scroll","background-type":"","background-media":"","overlay-type":"","overlay-color":"","overlay-opacity":"","overlay-gradient":""}},"ast-content-background-meta":{"desktop":{"background-color":"var(--ast-global-color-5)","background-image":"","background-repeat":"repeat","background-position":"center center","background-size":"auto","background-attachment":"scroll","background-type":"","background-media":"","overlay-type":"","overlay-color":"","overlay-opacity":"","overlay-gradient":""},"tablet":{"background-color":"var(--ast-global-color-5)","background-image":"","background-repeat":"repeat","background-position":"center center","background-size":"auto","background-attachment":"scroll","background-type":"","background-media":"","overlay-type":"","overlay-color":"","overlay-opacity":"","overlay-gradient":""},"mobile":{"background-color":"var(--ast-global-color-5)","background-image":"","background-repeat":"repeat","background-position":"center center","background-size":"auto","background-attachment":"scroll","background-type":"","background-media":"","overlay-type":"","overlay-color":"","overlay-opacity":"","overlay-gradient":""}}},"product_brand":[],"product_cat":[35],"product_tag":[242,97,114,115,116],"class_list":{"0":"post-20840","1":"product","2":"type-product","3":"status-publish","4":"has-post-thumbnail","6":"product_cat-schnittmuster-fuer-damen-und-kinder","7":"product_tag-shirt-sonni","8":"product_tag-damen","9":"product_tag-tshirt","10":"product_tag-top","11":"product_tag-schulterpolster","12":"desktop-align-left","13":"tablet-align-left","14":"mobile-align-left","15":"ast-product-gallery-layout-horizontal","16":"ast-product-tabs-layout-vertical","18":"first","19":"instock","20":"downloadable","21":"virtual","22":"sold-individually","23":"taxable","24":"purchasable","25":"product-type-simple"},"yoast_head":"<!-- This site is optimized with the Yoast SEO plugin v27.3 - https:\/\/yoast.com\/product\/yoast-seo-wordpress\/ -->\n<title>Shirt Sonni mit Schulterpolstern - Schnittmuster (E-Book) - creaResa - sch\u00f6ne Sachen selber machen<\/title>\n<meta name=\"description\" content=\"Ein absolutes Must Have f\u00fcr den Sommer! Die kleinen Polster des Tops werden selber gen\u00e4ht. Eine super tragbare Variante des 80er-Jahre-Trends.\" \/>\n<meta name=\"robots\" content=\"index, follow, max-snippet:-1, max-image-preview:large, max-video-preview:-1\" \/>\n<link rel=\"canonical\" href=\"https:\/\/crearesa.de\/shop\/produkt\/shirt-sonni-schulterpolster-schnittmuster\/\" \/>\n<meta property=\"og:locale\" content=\"de_DE\" \/>\n<meta property=\"og:type\" content=\"article\" \/>\n<meta property=\"og:title\" content=\"Shirt Sonni mit Schulterpolstern - Schnittmuster (E-Book) - creaResa - sch\u00f6ne Sachen selber machen\" \/>\n<meta property=\"og:description\" content=\"Ein absolutes Must Have f\u00fcr den Sommer! Die kleinen Polster des Tops werden selber gen\u00e4ht. Eine super tragbare Variante des 80er-Jahre-Trends.\" \/>\n<meta property=\"og:url\" content=\"https:\/\/crearesa.de\/shop\/produkt\/shirt-sonni-schulterpolster-schnittmuster\/\" \/>\n<meta property=\"og:site_name\" content=\"creaResa - sch\u00f6ne Sachen selber machen\" \/>\n<meta property=\"article:publisher\" content=\"https:\/\/www.facebook.com\/crearesa\/\" \/>\n<meta property=\"article:modified_time\" content=\"2025-08-19T06:36:51+00:00\" \/>\n<meta property=\"og:image\" content=\"https:\/\/crearesa.de\/shop\/wp-content\/uploads\/2021\/05\/shirt-sonni-schnittmuster-v-2.jpg\" \/>\n\t<meta property=\"og:image:width\" content=\"1500\" \/>\n\t<meta property=\"og:image:height\" content=\"1500\" \/>\n\t<meta property=\"og:image:type\" content=\"image\/jpeg\" \/>\n<meta name=\"twitter:card\" content=\"summary_large_image\" \/>\n<meta name=\"twitter:label1\" content=\"Gesch\u00e4tzte Lesezeit\" \/>\n\t<meta name=\"twitter:data1\" content=\"3\u00a0Minuten\" \/>\n<script type=\"application\/ld+json\" class=\"yoast-schema-graph\">{\"@context\":\"https:\\\/\\\/schema.org\",\"@graph\":[{\"@type\":\"WebPage\",\"@id\":\"https:\\\/\\\/crearesa.de\\\/shop\\\/produkt\\\/shirt-sonni-schulterpolster-schnittmuster\\\/\",\"url\":\"https:\\\/\\\/crearesa.de\\\/shop\\\/produkt\\\/shirt-sonni-schulterpolster-schnittmuster\\\/\",\"name\":\"Shirt Sonni mit Schulterpolstern - Schnittmuster (E-Book) - creaResa - sch\u00f6ne Sachen selber machen\",\"isPartOf\":{\"@id\":\"https:\\\/\\\/crearesa.de\\\/shop\\\/#website\"},\"primaryImageOfPage\":{\"@id\":\"https:\\\/\\\/crearesa.de\\\/shop\\\/produkt\\\/shirt-sonni-schulterpolster-schnittmuster\\\/#primaryimage\"},\"image\":{\"@id\":\"https:\\\/\\\/crearesa.de\\\/shop\\\/produkt\\\/shirt-sonni-schulterpolster-schnittmuster\\\/#primaryimage\"},\"thumbnailUrl\":\"https:\\\/\\\/crearesa.de\\\/shop\\\/wp-content\\\/uploads\\\/2021\\\/05\\\/shirt-sonni-schnittmuster-v-2.jpg\",\"datePublished\":\"2021-05-04T19:03:08+00:00\",\"dateModified\":\"2025-08-19T06:36:51+00:00\",\"description\":\"Ein absolutes Must Have f\u00fcr den Sommer! Die kleinen Polster des Tops werden selber gen\u00e4ht. Eine super tragbare Variante des 80er-Jahre-Trends.\",\"breadcrumb\":{\"@id\":\"https:\\\/\\\/crearesa.de\\\/shop\\\/produkt\\\/shirt-sonni-schulterpolster-schnittmuster\\\/#breadcrumb\"},\"inLanguage\":\"de\",\"potentialAction\":[{\"@type\":\"ReadAction\",\"target\":[\"https:\\\/\\\/crearesa.de\\\/shop\\\/produkt\\\/shirt-sonni-schulterpolster-schnittmuster\\\/\"]}]},{\"@type\":\"ImageObject\",\"inLanguage\":\"de\",\"@id\":\"https:\\\/\\\/crearesa.de\\\/shop\\\/produkt\\\/shirt-sonni-schulterpolster-schnittmuster\\\/#primaryimage\",\"url\":\"https:\\\/\\\/crearesa.de\\\/shop\\\/wp-content\\\/uploads\\\/2021\\\/05\\\/shirt-sonni-schnittmuster-v-2.jpg\",\"contentUrl\":\"https:\\\/\\\/crearesa.de\\\/shop\\\/wp-content\\\/uploads\\\/2021\\\/05\\\/shirt-sonni-schnittmuster-v-2.jpg\",\"width\":1500,\"height\":1500},{\"@type\":\"BreadcrumbList\",\"@id\":\"https:\\\/\\\/crearesa.de\\\/shop\\\/produkt\\\/shirt-sonni-schulterpolster-schnittmuster\\\/#breadcrumb\",\"itemListElement\":[{\"@type\":\"ListItem\",\"position\":1,\"name\":\"Startseite\",\"item\":\"https:\\\/\\\/crearesa.de\\\/shop\\\/\"},{\"@type\":\"ListItem\",\"position\":2,\"name\":\"Schnittmuster Shop\",\"item\":\"https:\\\/\\\/crearesa.de\\\/shop\\\/\"},{\"@type\":\"ListItem\",\"position\":3,\"name\":\"Shirt Sonni mit Schulterpolstern &#8211; Schnittmuster (E-Book)\"}]},{\"@type\":\"WebSite\",\"@id\":\"https:\\\/\\\/crearesa.de\\\/shop\\\/#website\",\"url\":\"https:\\\/\\\/crearesa.de\\\/shop\\\/\",\"name\":\"creaResa - sch\u00f6ne Sachen selber machen\",\"description\":\"Shop f\u00fcr Schnittmuster und N\u00e4hpakete\",\"publisher\":{\"@id\":\"https:\\\/\\\/crearesa.de\\\/shop\\\/#organization\"},\"potentialAction\":[{\"@type\":\"SearchAction\",\"target\":{\"@type\":\"EntryPoint\",\"urlTemplate\":\"https:\\\/\\\/crearesa.de\\\/shop\\\/?s={search_term_string}\"},\"query-input\":{\"@type\":\"PropertyValueSpecification\",\"valueRequired\":true,\"valueName\":\"search_term_string\"}}],\"inLanguage\":\"de\"},{\"@type\":\"Organization\",\"@id\":\"https:\\\/\\\/crearesa.de\\\/shop\\\/#organization\",\"name\":\"creaResa\",\"url\":\"https:\\\/\\\/crearesa.de\\\/shop\\\/\",\"logo\":{\"@type\":\"ImageObject\",\"inLanguage\":\"de\",\"@id\":\"https:\\\/\\\/crearesa.de\\\/shop\\\/#\\\/schema\\\/logo\\\/image\\\/\",\"url\":\"https:\\\/\\\/crearesa.de\\\/shop\\\/wp-content\\\/uploads\\\/2020\\\/06\\\/logo_crearesa-1.png\",\"contentUrl\":\"https:\\\/\\\/crearesa.de\\\/shop\\\/wp-content\\\/uploads\\\/2020\\\/06\\\/logo_crearesa-1.png\",\"width\":400,\"height\":172,\"caption\":\"creaResa\"},\"image\":{\"@id\":\"https:\\\/\\\/crearesa.de\\\/shop\\\/#\\\/schema\\\/logo\\\/image\\\/\"},\"sameAs\":[\"https:\\\/\\\/www.facebook.com\\\/crearesa\\\/\",\"https:\\\/\\\/www.instagram.com\\\/crearesa\\\/\",\"https:\\\/\\\/www.pinterest.de\\\/resa_crearesa\\\/\"]}]}<\/script>\n<!-- \/ Yoast SEO plugin. -->","yoast_head_json":{"title":"Shirt Sonni mit Schulterpolstern - Schnittmuster (E-Book) - creaResa - sch\u00f6ne Sachen selber machen","description":"Ein absolutes Must Have f\u00fcr den Sommer! Die kleinen Polster des Tops werden selber gen\u00e4ht. Eine super tragbare Variante des 80er-Jahre-Trends.","robots":{"index":"index","follow":"follow","max-snippet":"max-snippet:-1","max-image-preview":"max-image-preview:large","max-video-preview":"max-video-preview:-1"},"canonical":"https:\/\/crearesa.de\/shop\/produkt\/shirt-sonni-schulterpolster-schnittmuster\/","og_locale":"de_DE","og_type":"article","og_title":"Shirt Sonni mit Schulterpolstern - Schnittmuster (E-Book) - creaResa - sch\u00f6ne Sachen selber machen","og_description":"Ein absolutes Must Have f\u00fcr den Sommer! Die kleinen Polster des Tops werden selber gen\u00e4ht. Eine super tragbare Variante des 80er-Jahre-Trends.","og_url":"https:\/\/crearesa.de\/shop\/produkt\/shirt-sonni-schulterpolster-schnittmuster\/","og_site_name":"creaResa - sch\u00f6ne Sachen selber machen","article_publisher":"https:\/\/www.facebook.com\/crearesa\/","article_modified_time":"2025-08-19T06:36:51+00:00","og_image":[{"width":1500,"height":1500,"url":"https:\/\/crearesa.de\/shop\/wp-content\/uploads\/2021\/05\/shirt-sonni-schnittmuster-v-2.jpg","type":"image\/jpeg"}],"twitter_card":"summary_large_image","twitter_misc":{"Gesch\u00e4tzte Lesezeit":"3\u00a0Minuten"},"schema":{"@context":"https:\/\/schema.org","@graph":[{"@type":"WebPage","@id":"https:\/\/crearesa.de\/shop\/produkt\/shirt-sonni-schulterpolster-schnittmuster\/","url":"https:\/\/crearesa.de\/shop\/produkt\/shirt-sonni-schulterpolster-schnittmuster\/","name":"Shirt Sonni mit Schulterpolstern - Schnittmuster (E-Book) - creaResa - sch\u00f6ne Sachen selber machen","isPartOf":{"@id":"https:\/\/crearesa.de\/shop\/#website"},"primaryImageOfPage":{"@id":"https:\/\/crearesa.de\/shop\/produkt\/shirt-sonni-schulterpolster-schnittmuster\/#primaryimage"},"image":{"@id":"https:\/\/crearesa.de\/shop\/produkt\/shirt-sonni-schulterpolster-schnittmuster\/#primaryimage"},"thumbnailUrl":"https:\/\/crearesa.de\/shop\/wp-content\/uploads\/2021\/05\/shirt-sonni-schnittmuster-v-2.jpg","datePublished":"2021-05-04T19:03:08+00:00","dateModified":"2025-08-19T06:36:51+00:00","description":"Ein absolutes Must Have f\u00fcr den Sommer! Die kleinen Polster des Tops werden selber gen\u00e4ht. Eine super tragbare Variante des 80er-Jahre-Trends.","breadcrumb":{"@id":"https:\/\/crearesa.de\/shop\/produkt\/shirt-sonni-schulterpolster-schnittmuster\/#breadcrumb"},"inLanguage":"de","potentialAction":[{"@type":"ReadAction","target":["https:\/\/crearesa.de\/shop\/produkt\/shirt-sonni-schulterpolster-schnittmuster\/"]}]},{"@type":"ImageObject","inLanguage":"de","@id":"https:\/\/crearesa.de\/shop\/produkt\/shirt-sonni-schulterpolster-schnittmuster\/#primaryimage","url":"https:\/\/crearesa.de\/shop\/wp-content\/uploads\/2021\/05\/shirt-sonni-schnittmuster-v-2.jpg","contentUrl":"https:\/\/crearesa.de\/shop\/wp-content\/uploads\/2021\/05\/shirt-sonni-schnittmuster-v-2.jpg","width":1500,"height":1500},{"@type":"BreadcrumbList","@id":"https:\/\/crearesa.de\/shop\/produkt\/shirt-sonni-schulterpolster-schnittmuster\/#breadcrumb","itemListElement":[{"@type":"ListItem","position":1,"name":"Startseite","item":"https:\/\/crearesa.de\/shop\/"},{"@type":"ListItem","position":2,"name":"Schnittmuster Shop","item":"https:\/\/crearesa.de\/shop\/"},{"@type":"ListItem","position":3,"name":"Shirt Sonni mit Schulterpolstern &#8211; Schnittmuster (E-Book)"}]},{"@type":"WebSite","@id":"https:\/\/crearesa.de\/shop\/#website","url":"https:\/\/crearesa.de\/shop\/","name":"creaResa - sch\u00f6ne Sachen selber machen","description":"Shop f\u00fcr Schnittmuster und N\u00e4hpakete","publisher":{"@id":"https:\/\/crearesa.de\/shop\/#organization"},"potentialAction":[{"@type":"SearchAction","target":{"@type":"EntryPoint","urlTemplate":"https:\/\/crearesa.de\/shop\/?s={search_term_string}"},"query-input":{"@type":"PropertyValueSpecification","valueRequired":true,"valueName":"search_term_string"}}],"inLanguage":"de"},{"@type":"Organization","@id":"https:\/\/crearesa.de\/shop\/#organization","name":"creaResa","url":"https:\/\/crearesa.de\/shop\/","logo":{"@type":"ImageObject","inLanguage":"de","@id":"https:\/\/crearesa.de\/shop\/#\/schema\/logo\/image\/","url":"https:\/\/crearesa.de\/shop\/wp-content\/uploads\/2020\/06\/logo_crearesa-1.png","contentUrl":"https:\/\/crearesa.de\/shop\/wp-content\/uploads\/2020\/06\/logo_crearesa-1.png","width":400,"height":172,"caption":"creaResa"},"image":{"@id":"https:\/\/crearesa.de\/shop\/#\/schema\/logo\/image\/"},"sameAs":["https:\/\/www.facebook.com\/crearesa\/","https:\/\/www.instagram.com\/crearesa\/","https:\/\/www.pinterest.de\/resa_crearesa\/"]}]}},"_links":{"self":[{"href":"https:\/\/crearesa.de\/shop\/wp-json\/wp\/v2\/product\/20840","targetHints":{"allow":["GET"]}}],"collection":[{"href":"https:\/\/crearesa.de\/shop\/wp-json\/wp\/v2\/product"}],"about":[{"href":"https:\/\/crearesa.de\/shop\/wp-json\/wp\/v2\/types\/product"}],"replies":[{"embeddable":true,"href":"https:\/\/crearesa.de\/shop\/wp-json\/wp\/v2\/comments?post=20840"}],"wp:featuredmedia":[{"embeddable":true,"href":"https:\/\/crearesa.de\/shop\/wp-json\/wp\/v2\/media\/26486"}],"wp:attachment":[{"href":"https:\/\/crearesa.de\/shop\/wp-json\/wp\/v2\/media?parent=20840"}],"wp:term":[{"taxonomy":"product_brand","embeddable":true,"href":"https:\/\/crearesa.de\/shop\/wp-json\/wp\/v2\/product_brand?post=20840"},{"taxonomy":"product_cat","embeddable":true,"href":"https:\/\/crearesa.de\/shop\/wp-json\/wp\/v2\/product_cat?post=20840"},{"taxonomy":"product_tag","embeddable":true,"href":"https:\/\/crearesa.de\/shop\/wp-json\/wp\/v2\/product_tag?post=20840"}],"curies":[{"name":"wp","href":"https:\/\/api.w.org\/{rel}","templated":true}]}}