{"id":34160,"date":"2025-12-02T08:17:00","date_gmt":"2025-12-02T07:17:00","guid":{"rendered":"https:\/\/crearesa.de\/shop\/?post_type=product&#038;p=34160"},"modified":"2026-01-01T03:16:35","modified_gmt":"2026-01-01T02:16:35","slug":"hob-bag-resa-basic-schnittmuster","status":"publish","type":"product","link":"https:\/\/crearesa.de\/shop\/produkt\/hob-bag-resa-basic-schnittmuster\/","title":{"rendered":"Hobo Bag Resa &#8211; Basic &#8211; Taschenschnittmuster"},"content":{"rendered":"<h2>Hobo Bag Resa &#8211; Basic &#8211; Taschenschnittmuster f\u00fcr N\u00e4hanf\u00e4nger<\/h2>\n<p>Die Hobo Bag Resa ist ein l\u00e4ssiger, ger\u00e4umiger Shopper im Stil einer klassischen Beuteltasche &#8211; perfekt f\u00fcr den Alltag, zum Stadtbummel oder als stylische Begleiterin ins B\u00fcro. Dank ihres weichen Falles und dem breiten Tragegurt sitzt sie bequem \u00fcber der Schulter. Die typische Hobo Bag kommt mit nur einem Tragegurt aus, der aus dem Au\u00dfenstoff gen\u00e4ht wird &#8211; schlicht, modern und absolut im Trend.<\/p>\n<h3><strong>Die Basic-Version wurde bewusst anf\u00e4ngerfreundlich gestaltet: <\/strong><\/h3>\n<ul>\n<li>Kein Rei\u00dfverschluss, nur ein einfaches Steckfach im Futter<\/li>\n<li>Geschlossen wird deine Tasche mit einem Magnetverschluss. Das Anbringen ist erstaunlich einfach und wird in der bebilderten Anleitung Schritt f\u00fcr Schritt erkl\u00e4rt.<\/li>\n<li>Der Taschengurt wird aus Au\u00dfenstoff gen\u00e4ht &#8211; du ben\u00f6tigst nur einen Au\u00dfenstoff, Futterstoff und einen Magnetverschluss + Vliesrest und &#8211; je nach Stoffwahl &#8211; ein Vlies zur Verst\u00e4rkung<\/li>\n<\/ul>\n<p><strong>Du m\u00f6chtest lieber eine Variante mit Rei\u00dfverschluss?<\/strong><br \/>\nDann ist die\u00a0<a href=\"https:\/\/crearesa.de\/shop\/produkt\/hobo-bag-resa-pro-taschenschnittmuster\/\">Hobo Bag Resa &#8211; Pro<\/a>\u00a0genau das Richtige f\u00fcr dich. Mit der Pro-Version f\u00fcr fortgeschrittene N\u00e4herinnen erh\u00e4ltst du automatisch auch die Basic-Version. Ideal, wenn du dich steigern und beide Varianten n\u00e4hen m\u00f6chtest.<\/p>\n<h3>Schnittmuster Details<\/h3>\n<p><strong>Stoffempfehlung:<\/strong><br \/>\nDie Hobo Bag Resa eignet sich f\u00fcr viele verschiedene Materialien:Cord, Canvas, Jeans, Oilskin, Kunstleder, Outdoorstoffe, Stepp- und Teddystoffe, weiches Leder, wattierte Stoffe. Dickere Stoffe wie Jeans, Canvas, Cord oder wattierte Materialien m\u00fcssen nicht verst\u00e4rkt werden. Bei d\u00fcnnen, weich fallenden Stoffen empfiehlt sich eine fl\u00e4chige Verst\u00e4rkung mit Volumenvlies (z.B. VLIXO Volume Light \/ H630).<\/p>\n<p><strong>Die Anleitung<\/strong> zum Schnittmuster ist reich bebildert und alle Arbeitsschritte werden genau erkl\u00e4rt &#8211; perfekt f\u00fcr N\u00e4hanf\u00e4nger.<\/p>\n<p><strong>N\u00e4hschwierigkeit:<\/strong> 1 von 5 Sternen &#8211; Anf\u00e4nger<\/p>\n<p><strong>Ma\u00dfe:<\/strong>39 \u00d7 29 \u00d7 11,5 cm<\/p>\n<h3><strong>Zum Bestellvorgang<\/strong><\/h3>\n<p>Nach erfolgter Bezahlung (Paypal oder Vorauszahlung) erh\u00e4ltst du eine E-Mail mit einem Download-Link. F\u00fcr den Ausdruck zu Hause ben\u00f6tigst du einen PC\/Laptop f\u00fcr den Download und den kostenlosen Acrobat Reader zum Drucken. Im Lieferumfang ist das Schnittmuster auch im A0-Format enthalten, das du \u00fcber eine( Online-)Plotterei ausdrucken lassen kannst.<\/p>\n<p>N\u00e4heres zum Bestellvorgang und was du von einem creaResa-E-Book erwarten darfst, kannst du auch auf <a href=\"https:\/\/crearesa.de\/schnittmuster-e-book-ausdrucken-und-kleben\/\">meinem Blog<\/a> nachlesen.<\/p>\n<p>Beispiele findest du auch auf Instagram unter dem Hashtag #hobobagresa<\/p>\n<h3>Das ist dabei:<\/h3>\n<ul>\n<li>Schnittmuster auf 19 DIN A4 Seiten zum Ausdrucken und kleben. Du ben\u00f6tigst einen PC\/Laptop f\u00fcr den Download und den kostenlosen Acrobat Reader zum Drucken.<\/li>\n<li>A0-Datei (zum Drucken in der Plotterei)<\/li>\n<li>Schnittmuster enth\u00e4lt bereits die Nahtzugabe, viele Markierungen erleichtern das N\u00e4hen<\/li>\n<li>Schritt-f\u00fcr-Schritt Anleitung mit vielen Bildern<\/li>\n<\/ul>\n<h3>Du brauchst:<\/h3>\n<ul>\n<li draggable=\"false\">\n<div draggable=\"false\">80 cm Au\u00dfenstoff, 140 cm breit: z.B. Cord, Jeans, Canvas, Oilskin, weiche Outdoorstoffe, wattierte Stoffe, Fellimitat, weiches Kunstleder, weiches Leder. Bei einem Stoff mit Kopfmuster ben\u00f6tigst du 100cm, 140 cm breit.<\/div>\n<\/li>\n<li draggable=\"false\">\n<div draggable=\"false\">40 cm Futterstoff, 140 cm breit: gewebter Baumwollstoff ohne Stretchanteil<\/div>\n<\/li>\n<li draggable=\"false\">\n<div draggable=\"false\">Bei d\u00fcnnen, weich fallenden Stoffes: Leichtes Volumenvlies VLIXO Volume Light oder H630 zum Aufb\u00fcgeln und einen Rest B\u00fcgeleinlage (z.B. VLIXO IO heavy, H250)<\/div>\n<\/li>\n<li draggable=\"false\">\n<div draggable=\"false\">1 Magnetverschluss + Rest B\u00fcgeleinlage oder Wonderdots zur Verst\u00e4rkung des Stoffes<\/div>\n<\/li>\n<\/ul>\n<div class=\"shariff\" data-services=\"pinterest%7Cfacebook\" data-url=\"https%3A%2F%2Fcrearesa.de%2Fshop%2Fprodukt%2Fhob-bag-resa-basic-schnittmuster%2F\" data-timestamp=\"1767237395\" data-hidezero=\"1\" data-backendurl=\"https:\/\/crearesa.de\/shop\/wp-json\/shariff\/v1\/share_counts?\"><ul class=\"shariff-buttons theme-default orientation-horizontal buttonsize-medium\"><li class=\"shariff-button pinterest shariff-nocustomcolor\" style=\"background-color:#e70f18\"><a href=\"https:\/\/www.pinterest.com\/pin\/create\/link\/?url=https%3A%2F%2Fcrearesa.de%2Fshop%2Fprodukt%2Fhob-bag-resa-basic-schnittmuster%2F&media=https%3A%2F%2Fcrearesa.de%2Fshop%2Fwp-content%2Fuploads%2F2025%2F12%2Fhobo-bag-resa-basic-schnittmuster-1.jpg&description=Hobo%20Bag%20Resa%20-%20Basic%20-%20Taschenschnittmuster\" title=\"Bei Pinterest pinnen\" aria-label=\"Bei Pinterest pinnen\" role=\"button\" rel=\"noreferrernoopener nofollow\" class=\"shariff-link\" style=\"; background-color:#cb2027; color:#fff\" target=\"_blank\"><span class=\"shariff-icon\" style=\"\"><svg width=\"32px\" height=\"20px\" xmlns=\"http:\/\/www.w3.org\/2000\/svg\" viewBox=\"0 0 27 32\"><path fill=\"#cb2027\" d=\"M27.4 16q0 3.7-1.8 6.9t-5 5-6.9 1.9q-2 0-3.9-0.6 1.1-1.7 1.4-2.9 0.2-0.6 1-3.8 0.4 0.7 1.3 1.2t2 0.5q2.1 0 3.8-1.2t2.7-3.4 0.9-4.8q0-2-1.1-3.8t-3.1-2.9-4.5-1.2q-1.9 0-3.5 0.5t-2.8 1.4-2 2-1.2 2.3-0.4 2.4q0 1.9 0.7 3.3t2.1 2q0.5 0.2 0.7-0.4 0-0.1 0.1-0.5t0.2-0.5q0.1-0.4-0.2-0.8-0.9-1.1-0.9-2.7 0-2.7 1.9-4.6t4.9-2q2.7 0 4.2 1.5t1.5 3.8q0 3-1.2 5.2t-3.1 2.1q-1.1 0-1.7-0.8t-0.4-1.9q0.1-0.6 0.5-1.7t0.5-1.8 0.2-1.4q0-0.9-0.5-1.5t-1.4-0.6q-1.1 0-1.9 1t-0.8 2.6q0 1.3 0.4 2.2l-1.8 7.5q-0.3 1.2-0.2 3.2-3.7-1.6-6-5t-2.3-7.6q0-3.7 1.9-6.9t5-5 6.9-1.9 6.9 1.9 5 5 1.8 6.9z\"\/><\/svg><\/span><span class=\"shariff-text\">merken<\/span>&nbsp;<span data-service=\"pinterest\" style=\"color:#cb2027\" class=\"shariff-count shariff-hidezero\"><\/span>&nbsp;<\/a><\/li><li class=\"shariff-button facebook shariff-nocustomcolor\" style=\"background-color:#4273c8\"><a href=\"https:\/\/www.facebook.com\/sharer\/sharer.php?u=https%3A%2F%2Fcrearesa.de%2Fshop%2Fprodukt%2Fhob-bag-resa-basic-schnittmuster%2F\" title=\"Bei Facebook teilen\" aria-label=\"Bei Facebook teilen\" role=\"button\" rel=\"noreferrernoopener nofollow\" class=\"shariff-link\" style=\"; background-color:#3b5998; color:#fff\" target=\"_blank\"><span class=\"shariff-icon\" style=\"\"><svg width=\"32px\" height=\"20px\" xmlns=\"http:\/\/www.w3.org\/2000\/svg\" viewBox=\"0 0 18 32\"><path fill=\"#3b5998\" d=\"M17.1 0.2v4.7h-2.8q-1.5 0-2.1 0.6t-0.5 1.9v3.4h5.2l-0.7 5.3h-4.5v13.6h-5.5v-13.6h-4.5v-5.3h4.5v-3.9q0-3.3 1.9-5.2t5-1.8q2.6 0 4.1 0.2z\"\/><\/svg><\/span><span class=\"shariff-text\">teilen<\/span>&nbsp;<span data-service=\"facebook\" style=\"color:#3b5998\" class=\"shariff-count shariff-hidezero\"><\/span>&nbsp;<\/a><\/li><li class=\"shariff-button printer shariff-nocustomcolor\" style=\"background-color:#a8a8a8\"><a href=\"javascript:window.print()\" title=\"drucken\" aria-label=\"drucken\" role=\"button\" rel=\"noreferrernoopener nofollow\" class=\"shariff-link\" style=\"; background-color:#999; color:#fff\"><span class=\"shariff-icon\" style=\"\"><svg width=\"32px\" height=\"20px\" xmlns=\"http:\/\/www.w3.org\/2000\/svg\" viewBox=\"0 0 30 32\"><path fill=\"#999\" d=\"M6.8 27.4h16v-4.6h-16v4.6zM6.8 16h16v-6.8h-2.8q-0.7 0-1.2-0.5t-0.5-1.2v-2.8h-11.4v11.4zM27.4 17.2q0-0.5-0.3-0.8t-0.8-0.4-0.8 0.4-0.3 0.8 0.3 0.8 0.8 0.3 0.8-0.3 0.3-0.8zM29.7 17.2v7.4q0 0.2-0.2 0.4t-0.4 0.2h-4v2.8q0 0.7-0.5 1.2t-1.2 0.5h-17.2q-0.7 0-1.2-0.5t-0.5-1.2v-2.8h-4q-0.2 0-0.4-0.2t-0.2-0.4v-7.4q0-1.4 1-2.4t2.4-1h1.2v-9.7q0-0.7 0.5-1.2t1.2-0.5h12q0.7 0 1.6 0.4t1.3 0.8l2.7 2.7q0.5 0.5 0.9 1.4t0.4 1.6v4.6h1.1q1.4 0 2.4 1t1 2.4z\"\/><\/svg><\/span><span class=\"shariff-text\">drucken<\/span>&nbsp;<\/a><\/li><\/ul><\/div>","protected":false},"excerpt":{"rendered":"<p>Ein Taschenschnittmuster f\u00fcr N\u00e4hanf\u00e4nger f\u00fcr einen trendigen Shopper &#8211; E-Book zum Download nach dem Kauf<\/p>\n<ul>\n<li>Ohne Rei\u00dfverschluss &#8211; schnell gen\u00e4ht<\/li>\n<li>mit Magnetverschluss &#8211; einfach anzubringen<\/li>\n<li>Au\u00dfenstoff, Futterstoff und Magnetverschluss (+ eventuell Verst\u00e4rkung) &#8211; mehr ben\u00f6tigst du nicht<\/li>\n<\/ul>\n<div draggable=\"false\" data-pm-slice=\"1 1 []\" data-en-clipboard=\"true\"><b>Du m\u00f6chtest lieber eine Variante mit Rei\u00dfverschluss?<\/b><\/div>\n<div draggable=\"false\">Dann ist die <a href=\"https:\/\/crearesa.de\/shop\/produkt\/hobo-bag-resa-pro-taschenschnittmuster\/\">Hobo Bag Resa &#8211; Pro<\/a> genau das Richtige f\u00fcr dich. Mit der Pro-Version f\u00fcr fortgeschrittene N\u00e4herinnen erh\u00e4ltst du automatisch auch die Basic-Version.<\/div>\n<p>Noch mehr Beispiele findest du auf <a href=\"https:\/\/www.instagram.com\/explore\/search\/keyword\/?q=%23hobobagresa\" target=\"_blank\" rel=\"noopener\">Instagram #hobobagresa<\/a><\/p>\n","protected":false},"featured_media":34171,"comment_status":"open","ping_status":"closed","template":"","meta":{"site-sidebar-layout":"default","site-content-layout":"default","ast-site-content-layout":"default","site-content-style":"default","site-sidebar-style":"default","ast-global-header-display":"","ast-banner-title-visibility":"","ast-main-header-display":"","ast-hfb-above-header-display":"","ast-hfb-below-header-display":"","ast-hfb-mobile-header-display":"","site-post-title":"","ast-breadcrumbs-content":"","ast-featured-img":"","footer-sml-layout":"","ast-disable-related-posts":"","theme-transparent-header-meta":"default","adv-header-id-meta":"","stick-header-meta":"default","header-above-stick-meta":"","header-main-stick-meta":"","header-below-stick-meta":"","astra-migrate-meta-layouts":"set","ast-page-background-enabled":"default","ast-page-background-meta":{"desktop":{"background-color":"","background-image":"","background-repeat":"repeat","background-position":"center center","background-size":"auto","background-attachment":"scroll","background-type":"","background-media":"","overlay-type":"","overlay-color":"","overlay-opacity":"","overlay-gradient":""},"tablet":{"background-color":"","background-image":"","background-repeat":"repeat","background-position":"center center","background-size":"auto","background-attachment":"scroll","background-type":"","background-media":"","overlay-type":"","overlay-color":"","overlay-opacity":"","overlay-gradient":""},"mobile":{"background-color":"","background-image":"","background-repeat":"repeat","background-position":"center center","background-size":"auto","background-attachment":"scroll","background-type":"","background-media":"","overlay-type":"","overlay-color":"","overlay-opacity":"","overlay-gradient":""}},"ast-content-background-meta":{"desktop":{"background-color":"var(--ast-global-color-5)","background-image":"","background-repeat":"repeat","background-position":"center center","background-size":"auto","background-attachment":"scroll","background-type":"","background-media":"","overlay-type":"","overlay-color":"","overlay-opacity":"","overlay-gradient":""},"tablet":{"background-color":"var(--ast-global-color-5)","background-image":"","background-repeat":"repeat","background-position":"center center","background-size":"auto","background-attachment":"scroll","background-type":"","background-media":"","overlay-type":"","overlay-color":"","overlay-opacity":"","overlay-gradient":""},"mobile":{"background-color":"var(--ast-global-color-5)","background-image":"","background-repeat":"repeat","background-position":"center center","background-size":"auto","background-attachment":"scroll","background-type":"","background-media":"","overlay-type":"","overlay-color":"","overlay-opacity":"","overlay-gradient":""}}},"product_brand":[],"product_cat":[34],"product_tag":[63,245,61],"class_list":{"0":"post-34160","1":"product","2":"type-product","3":"status-publish","4":"has-post-thumbnail","6":"product_cat-schnittmuster-fuer-taschen","7":"product_tag-schultertasche","8":"product_tag-hobo-bag-resa","9":"product_tag-handtasche","10":"desktop-align-left","11":"tablet-align-left","12":"mobile-align-left","13":"ast-product-gallery-layout-horizontal","14":"ast-product-tabs-layout-vertical","16":"first","17":"instock","18":"downloadable","19":"virtual","20":"sold-individually","21":"taxable","22":"purchasable","23":"product-type-simple"},"yoast_head":"<!-- This site is optimized with the Yoast SEO plugin v27.3 - https:\/\/yoast.com\/product\/yoast-seo-wordpress\/ -->\n<title>Hobo Bag Resa - Basic - Taschenschnittmuster - creaResa - sch\u00f6ne Sachen selber machen<\/title>\n<meta name=\"description\" content=\"Tolles Taschenschnittmuster f\u00fcr N\u00e4hanf\u00e4nger. Der angesagte Sopper wird mit einem Magnetverschluss geschlossen und ist schnell gen\u00e4ht.\" \/>\n<meta name=\"robots\" content=\"index, follow, max-snippet:-1, max-image-preview:large, max-video-preview:-1\" \/>\n<link rel=\"canonical\" href=\"https:\/\/crearesa.de\/shop\/produkt\/hob-bag-resa-basic-schnittmuster\/\" \/>\n<meta property=\"og:locale\" content=\"de_DE\" \/>\n<meta property=\"og:type\" content=\"article\" \/>\n<meta property=\"og:title\" content=\"Hobo Bag Resa - Basic - Taschenschnittmuster - creaResa - sch\u00f6ne Sachen selber machen\" \/>\n<meta property=\"og:description\" content=\"Tolles Taschenschnittmuster f\u00fcr N\u00e4hanf\u00e4nger. Der angesagte Sopper wird mit einem Magnetverschluss geschlossen und ist schnell gen\u00e4ht.\" \/>\n<meta property=\"og:url\" content=\"https:\/\/crearesa.de\/shop\/produkt\/hob-bag-resa-basic-schnittmuster\/\" \/>\n<meta property=\"og:site_name\" content=\"creaResa - sch\u00f6ne Sachen selber machen\" \/>\n<meta property=\"article:publisher\" content=\"https:\/\/www.facebook.com\/crearesa\/\" \/>\n<meta property=\"article:modified_time\" content=\"2026-01-01T02:16:35+00:00\" \/>\n<meta property=\"og:image\" content=\"https:\/\/crearesa.de\/shop\/wp-content\/uploads\/2025\/12\/hobo-bag-resa-basic-schnittmuster-1.jpg\" \/>\n\t<meta property=\"og:image:width\" content=\"1500\" \/>\n\t<meta property=\"og:image:height\" content=\"1500\" \/>\n\t<meta property=\"og:image:type\" content=\"image\/jpeg\" \/>\n<meta name=\"twitter:card\" content=\"summary_large_image\" \/>\n<meta name=\"twitter:label1\" content=\"Gesch\u00e4tzte Lesezeit\" \/>\n\t<meta name=\"twitter:data1\" content=\"3\u00a0Minuten\" \/>\n<script type=\"application\/ld+json\" class=\"yoast-schema-graph\">{\"@context\":\"https:\\\/\\\/schema.org\",\"@graph\":[{\"@type\":\"WebPage\",\"@id\":\"https:\\\/\\\/crearesa.de\\\/shop\\\/produkt\\\/hob-bag-resa-basic-schnittmuster\\\/\",\"url\":\"https:\\\/\\\/crearesa.de\\\/shop\\\/produkt\\\/hob-bag-resa-basic-schnittmuster\\\/\",\"name\":\"Hobo Bag Resa - Basic - Taschenschnittmuster - creaResa - sch\u00f6ne Sachen selber machen\",\"isPartOf\":{\"@id\":\"https:\\\/\\\/crearesa.de\\\/shop\\\/#website\"},\"primaryImageOfPage\":{\"@id\":\"https:\\\/\\\/crearesa.de\\\/shop\\\/produkt\\\/hob-bag-resa-basic-schnittmuster\\\/#primaryimage\"},\"image\":{\"@id\":\"https:\\\/\\\/crearesa.de\\\/shop\\\/produkt\\\/hob-bag-resa-basic-schnittmuster\\\/#primaryimage\"},\"thumbnailUrl\":\"https:\\\/\\\/crearesa.de\\\/shop\\\/wp-content\\\/uploads\\\/2025\\\/12\\\/hobo-bag-resa-basic-schnittmuster-1.jpg\",\"datePublished\":\"2025-12-02T07:17:00+00:00\",\"dateModified\":\"2026-01-01T02:16:35+00:00\",\"description\":\"Tolles Taschenschnittmuster f\u00fcr N\u00e4hanf\u00e4nger. Der angesagte Sopper wird mit einem Magnetverschluss geschlossen und ist schnell gen\u00e4ht.\",\"breadcrumb\":{\"@id\":\"https:\\\/\\\/crearesa.de\\\/shop\\\/produkt\\\/hob-bag-resa-basic-schnittmuster\\\/#breadcrumb\"},\"inLanguage\":\"de\",\"potentialAction\":[{\"@type\":\"ReadAction\",\"target\":[\"https:\\\/\\\/crearesa.de\\\/shop\\\/produkt\\\/hob-bag-resa-basic-schnittmuster\\\/\"]}]},{\"@type\":\"ImageObject\",\"inLanguage\":\"de\",\"@id\":\"https:\\\/\\\/crearesa.de\\\/shop\\\/produkt\\\/hob-bag-resa-basic-schnittmuster\\\/#primaryimage\",\"url\":\"https:\\\/\\\/crearesa.de\\\/shop\\\/wp-content\\\/uploads\\\/2025\\\/12\\\/hobo-bag-resa-basic-schnittmuster-1.jpg\",\"contentUrl\":\"https:\\\/\\\/crearesa.de\\\/shop\\\/wp-content\\\/uploads\\\/2025\\\/12\\\/hobo-bag-resa-basic-schnittmuster-1.jpg\",\"width\":1500,\"height\":1500},{\"@type\":\"BreadcrumbList\",\"@id\":\"https:\\\/\\\/crearesa.de\\\/shop\\\/produkt\\\/hob-bag-resa-basic-schnittmuster\\\/#breadcrumb\",\"itemListElement\":[{\"@type\":\"ListItem\",\"position\":1,\"name\":\"Startseite\",\"item\":\"https:\\\/\\\/crearesa.de\\\/shop\\\/\"},{\"@type\":\"ListItem\",\"position\":2,\"name\":\"Schnittmuster Shop\",\"item\":\"https:\\\/\\\/crearesa.de\\\/shop\\\/\"},{\"@type\":\"ListItem\",\"position\":3,\"name\":\"Hobo Bag Resa &#8211; Basic &#8211; Taschenschnittmuster\"}]},{\"@type\":\"WebSite\",\"@id\":\"https:\\\/\\\/crearesa.de\\\/shop\\\/#website\",\"url\":\"https:\\\/\\\/crearesa.de\\\/shop\\\/\",\"name\":\"creaResa - sch\u00f6ne Sachen selber machen\",\"description\":\"Shop f\u00fcr Schnittmuster und N\u00e4hpakete\",\"publisher\":{\"@id\":\"https:\\\/\\\/crearesa.de\\\/shop\\\/#organization\"},\"potentialAction\":[{\"@type\":\"SearchAction\",\"target\":{\"@type\":\"EntryPoint\",\"urlTemplate\":\"https:\\\/\\\/crearesa.de\\\/shop\\\/?s={search_term_string}\"},\"query-input\":{\"@type\":\"PropertyValueSpecification\",\"valueRequired\":true,\"valueName\":\"search_term_string\"}}],\"inLanguage\":\"de\"},{\"@type\":\"Organization\",\"@id\":\"https:\\\/\\\/crearesa.de\\\/shop\\\/#organization\",\"name\":\"creaResa\",\"url\":\"https:\\\/\\\/crearesa.de\\\/shop\\\/\",\"logo\":{\"@type\":\"ImageObject\",\"inLanguage\":\"de\",\"@id\":\"https:\\\/\\\/crearesa.de\\\/shop\\\/#\\\/schema\\\/logo\\\/image\\\/\",\"url\":\"https:\\\/\\\/crearesa.de\\\/shop\\\/wp-content\\\/uploads\\\/2020\\\/06\\\/logo_crearesa-1.png\",\"contentUrl\":\"https:\\\/\\\/crearesa.de\\\/shop\\\/wp-content\\\/uploads\\\/2020\\\/06\\\/logo_crearesa-1.png\",\"width\":400,\"height\":172,\"caption\":\"creaResa\"},\"image\":{\"@id\":\"https:\\\/\\\/crearesa.de\\\/shop\\\/#\\\/schema\\\/logo\\\/image\\\/\"},\"sameAs\":[\"https:\\\/\\\/www.facebook.com\\\/crearesa\\\/\",\"https:\\\/\\\/www.instagram.com\\\/crearesa\\\/\",\"https:\\\/\\\/www.pinterest.de\\\/resa_crearesa\\\/\"]}]}<\/script>\n<!-- \/ Yoast SEO plugin. -->","yoast_head_json":{"title":"Hobo Bag Resa - Basic - Taschenschnittmuster - creaResa - sch\u00f6ne Sachen selber machen","description":"Tolles Taschenschnittmuster f\u00fcr N\u00e4hanf\u00e4nger. Der angesagte Sopper wird mit einem Magnetverschluss geschlossen und ist schnell gen\u00e4ht.","robots":{"index":"index","follow":"follow","max-snippet":"max-snippet:-1","max-image-preview":"max-image-preview:large","max-video-preview":"max-video-preview:-1"},"canonical":"https:\/\/crearesa.de\/shop\/produkt\/hob-bag-resa-basic-schnittmuster\/","og_locale":"de_DE","og_type":"article","og_title":"Hobo Bag Resa - Basic - Taschenschnittmuster - creaResa - sch\u00f6ne Sachen selber machen","og_description":"Tolles Taschenschnittmuster f\u00fcr N\u00e4hanf\u00e4nger. Der angesagte Sopper wird mit einem Magnetverschluss geschlossen und ist schnell gen\u00e4ht.","og_url":"https:\/\/crearesa.de\/shop\/produkt\/hob-bag-resa-basic-schnittmuster\/","og_site_name":"creaResa - sch\u00f6ne Sachen selber machen","article_publisher":"https:\/\/www.facebook.com\/crearesa\/","article_modified_time":"2026-01-01T02:16:35+00:00","og_image":[{"width":1500,"height":1500,"url":"https:\/\/crearesa.de\/shop\/wp-content\/uploads\/2025\/12\/hobo-bag-resa-basic-schnittmuster-1.jpg","type":"image\/jpeg"}],"twitter_card":"summary_large_image","twitter_misc":{"Gesch\u00e4tzte Lesezeit":"3\u00a0Minuten"},"schema":{"@context":"https:\/\/schema.org","@graph":[{"@type":"WebPage","@id":"https:\/\/crearesa.de\/shop\/produkt\/hob-bag-resa-basic-schnittmuster\/","url":"https:\/\/crearesa.de\/shop\/produkt\/hob-bag-resa-basic-schnittmuster\/","name":"Hobo Bag Resa - Basic - Taschenschnittmuster - creaResa - sch\u00f6ne Sachen selber machen","isPartOf":{"@id":"https:\/\/crearesa.de\/shop\/#website"},"primaryImageOfPage":{"@id":"https:\/\/crearesa.de\/shop\/produkt\/hob-bag-resa-basic-schnittmuster\/#primaryimage"},"image":{"@id":"https:\/\/crearesa.de\/shop\/produkt\/hob-bag-resa-basic-schnittmuster\/#primaryimage"},"thumbnailUrl":"https:\/\/crearesa.de\/shop\/wp-content\/uploads\/2025\/12\/hobo-bag-resa-basic-schnittmuster-1.jpg","datePublished":"2025-12-02T07:17:00+00:00","dateModified":"2026-01-01T02:16:35+00:00","description":"Tolles Taschenschnittmuster f\u00fcr N\u00e4hanf\u00e4nger. Der angesagte Sopper wird mit einem Magnetverschluss geschlossen und ist schnell gen\u00e4ht.","breadcrumb":{"@id":"https:\/\/crearesa.de\/shop\/produkt\/hob-bag-resa-basic-schnittmuster\/#breadcrumb"},"inLanguage":"de","potentialAction":[{"@type":"ReadAction","target":["https:\/\/crearesa.de\/shop\/produkt\/hob-bag-resa-basic-schnittmuster\/"]}]},{"@type":"ImageObject","inLanguage":"de","@id":"https:\/\/crearesa.de\/shop\/produkt\/hob-bag-resa-basic-schnittmuster\/#primaryimage","url":"https:\/\/crearesa.de\/shop\/wp-content\/uploads\/2025\/12\/hobo-bag-resa-basic-schnittmuster-1.jpg","contentUrl":"https:\/\/crearesa.de\/shop\/wp-content\/uploads\/2025\/12\/hobo-bag-resa-basic-schnittmuster-1.jpg","width":1500,"height":1500},{"@type":"BreadcrumbList","@id":"https:\/\/crearesa.de\/shop\/produkt\/hob-bag-resa-basic-schnittmuster\/#breadcrumb","itemListElement":[{"@type":"ListItem","position":1,"name":"Startseite","item":"https:\/\/crearesa.de\/shop\/"},{"@type":"ListItem","position":2,"name":"Schnittmuster Shop","item":"https:\/\/crearesa.de\/shop\/"},{"@type":"ListItem","position":3,"name":"Hobo Bag Resa &#8211; Basic &#8211; Taschenschnittmuster"}]},{"@type":"WebSite","@id":"https:\/\/crearesa.de\/shop\/#website","url":"https:\/\/crearesa.de\/shop\/","name":"creaResa - sch\u00f6ne Sachen selber machen","description":"Shop f\u00fcr Schnittmuster und N\u00e4hpakete","publisher":{"@id":"https:\/\/crearesa.de\/shop\/#organization"},"potentialAction":[{"@type":"SearchAction","target":{"@type":"EntryPoint","urlTemplate":"https:\/\/crearesa.de\/shop\/?s={search_term_string}"},"query-input":{"@type":"PropertyValueSpecification","valueRequired":true,"valueName":"search_term_string"}}],"inLanguage":"de"},{"@type":"Organization","@id":"https:\/\/crearesa.de\/shop\/#organization","name":"creaResa","url":"https:\/\/crearesa.de\/shop\/","logo":{"@type":"ImageObject","inLanguage":"de","@id":"https:\/\/crearesa.de\/shop\/#\/schema\/logo\/image\/","url":"https:\/\/crearesa.de\/shop\/wp-content\/uploads\/2020\/06\/logo_crearesa-1.png","contentUrl":"https:\/\/crearesa.de\/shop\/wp-content\/uploads\/2020\/06\/logo_crearesa-1.png","width":400,"height":172,"caption":"creaResa"},"image":{"@id":"https:\/\/crearesa.de\/shop\/#\/schema\/logo\/image\/"},"sameAs":["https:\/\/www.facebook.com\/crearesa\/","https:\/\/www.instagram.com\/crearesa\/","https:\/\/www.pinterest.de\/resa_crearesa\/"]}]}},"_links":{"self":[{"href":"https:\/\/crearesa.de\/shop\/wp-json\/wp\/v2\/product\/34160","targetHints":{"allow":["GET"]}}],"collection":[{"href":"https:\/\/crearesa.de\/shop\/wp-json\/wp\/v2\/product"}],"about":[{"href":"https:\/\/crearesa.de\/shop\/wp-json\/wp\/v2\/types\/product"}],"replies":[{"embeddable":true,"href":"https:\/\/crearesa.de\/shop\/wp-json\/wp\/v2\/comments?post=34160"}],"wp:featuredmedia":[{"embeddable":true,"href":"https:\/\/crearesa.de\/shop\/wp-json\/wp\/v2\/media\/34171"}],"wp:attachment":[{"href":"https:\/\/crearesa.de\/shop\/wp-json\/wp\/v2\/media?parent=34160"}],"wp:term":[{"taxonomy":"product_brand","embeddable":true,"href":"https:\/\/crearesa.de\/shop\/wp-json\/wp\/v2\/product_brand?post=34160"},{"taxonomy":"product_cat","embeddable":true,"href":"https:\/\/crearesa.de\/shop\/wp-json\/wp\/v2\/product_cat?post=34160"},{"taxonomy":"product_tag","embeddable":true,"href":"https:\/\/crearesa.de\/shop\/wp-json\/wp\/v2\/product_tag?post=34160"}],"curies":[{"name":"wp","href":"https:\/\/api.w.org\/{rel}","templated":true}]}}