{"id":34175,"date":"2025-12-02T10:41:38","date_gmt":"2025-12-02T09:41:38","guid":{"rendered":"https:\/\/crearesa.de\/shop\/?post_type=product&#038;p=34175"},"modified":"2026-01-14T21:38:46","modified_gmt":"2026-01-14T20:38:46","slug":"hobo-bag-resa-pro-taschenschnittmuster","status":"publish","type":"product","link":"https:\/\/crearesa.de\/shop\/produkt\/hobo-bag-resa-pro-taschenschnittmuster\/","title":{"rendered":"Hobo Bag Resa &#8211; Pro &#8211; Taschenschnittmuster"},"content":{"rendered":"<h2>Hobo Bag Resa &#8211; Pro &#8211; Taschenschnittmuster f\u00fcr Fortgeschrittene<\/h2>\n<p>Die Hobo Bag Resa &#8211; Pro ist ein Schnittmuster f\u00fcr eine ger\u00e4umige Beuteltasche. N\u00e4he dir einen angesagten Shopper f\u00fcr den Alltag, ins B\u00fcro und f\u00fcr den Stadtbummel. Dank ihres weichen Falles und dem breiten Tragegurt sitzt sie bequem \u00fcber der Schulter.<\/p>\n<p>Im Gegensatz zur\u00a0Basic-Version f\u00fcr N\u00e4hanf\u00e4nger, bietet die Pro-Version eine Reihe durchdachter Details:<\/p>\n<ul>\n<li>Unterteilung der Au\u00dfentasche<\/li>\n<li>Rei\u00dfverschlussblende um die Tasche zu schlie\u00dfen<\/li>\n<li>Rei\u00dfverschlussfach und Steckfach im Futter<\/li>\n<li>optional: verstellbarer Taschengurt, Origami-Ecken, Seitenteil mit Mittelnaht<\/li>\n<\/ul>\n<p>Mit diesen Extras kannst du dir deine <strong>ganz individuelle Hobo Bag<\/strong> n\u00e4hen, denn <strong>mit dem Kauf der Pro-Version bekommst du automatisch die <a href=\"https:\/\/crearesa.de\/shop\/produkt\/hob-bag-resa-basic-schnittmuster\/\">Basic-Version<\/a> mit<\/strong>. Du kannst damit jederzeit die Au\u00dfen- oder Innentasche durch die BASIC-Version ersetzen und hast unz\u00e4hlige M\u00f6glichkeiten, die Tasche zu n\u00e4hen.<\/p>\n<p>Mehr Infos zum Schnittmuster und einen Vergleich der Basic und Pro-Version findest du <a href=\"https:\/\/crearesa.de\/hobo-bag-naehen-shopper-schnittmuster-fuer-anfaengerinnen-fortgeschrittene\/\">hier auf meinem Blog<\/a>.<\/p>\n<p><strong>Werde kreativ:<\/strong><\/p>\n<ul>\n<li>Kombiniere f\u00fcr die Au\u00dfentasche unterschiedliche Stoffe und unterschiedliche Materialien.<\/li>\n<li>Verzichte auf den Rei\u00dfverschluss oben an der Tasche und n\u00e4he die Basic-Version mit einem Rei\u00dfverschluss-Steckfach im Futter.<\/li>\n<li>Mit einem verstellbaren Taschengurt kannst du die Tasche auch als Crossbody Bag tragen.<\/li>\n<li>Eine schlichte Tasche kannst du mit einer Mittelnaht im Au\u00dfenteil und Origami-Ecken aufpeppen.<\/li>\n<\/ul>\n<p>Hast du schon eine Idee wie deine ganz pers\u00f6nliche Hobo Bag Resa aussehen soll?<\/p>\n<h3>Schnittmuster Details<\/h3>\n<p><strong>Stoffempfehlung:<\/strong><br \/>\nDie Hobo Bag Resa eignet sich f\u00fcr viele verschiedene Materialien:Cord, Canvas, Jeans, Oilskin, Kunstleder, Outdoorstoffe, Stepp- und Teddystoffe, weiches Leder, wattierte Stoffe. Dickere Stoffe wie Jeans, Canvas, Cord oder wattierte Materialien m\u00fcssen nicht verst\u00e4rkt werden. Bei d\u00fcnnen, weich fallenden Stoffen empfiehlt sich eine fl\u00e4chige Verst\u00e4rkung mit Volumenvlies (z.B. VLIXO Volume Light \/ H630).<\/p>\n<p><strong>Die Anleitung<\/strong> zum Schnittmuster ist reich bebildert und alle Arbeitsschritte werden genau erkl\u00e4rt.<\/p>\n<p><strong>N\u00e4hschwierigkeit:<\/strong> 1-3 von 5 Sternen &#8211; Beginne mit der Basic-Version und steigere die N\u00e4hfertigkeiten.<\/p>\n<p><strong>Ma\u00dfe:<\/strong>39 \u00d7 29 \u00d7 11,5 cm<\/p>\n<h3><strong>Zum Bestellvorgang<\/strong><\/h3>\n<p>Nach erfolgter Bezahlung (Paypal oder Vorauszahlung) erh\u00e4ltst du eine E-Mail mit einem Download-Link. F\u00fcr den Ausdruck zu Hause ben\u00f6tigst du einen PC\/Laptop f\u00fcr den Download und den kostenlosen Acrobat Reader zum Drucken. Im Lieferumfang ist das Schnittmuster auch im A0-Format enthalten, das du \u00fcber eine( Online-)Plotterei ausdrucken lassen kannst.<\/p>\n<p>N\u00e4heres zum Bestellvorgang und was du von einem creaResa-E-Book erwarten darfst, kannst du auch auf <a href=\"https:\/\/crearesa.de\/schnittmuster-e-book-ausdrucken-und-kleben\/\">meinem Blog<\/a> nachlesen.<\/p>\n<p>Beispiele findest du auch auf Instagram unter dem Hashtag <a href=\"https:\/\/www.instagram.com\/explore\/search\/keyword\/?q=%23hobobagresa\" target=\"_blank\" rel=\"noopener\">#hobobagresa<\/a><\/p>\n<h3>Das ist dabei:<\/h3>\n<ul>\n<li>Schnittmuster im DIN A4 Format zum Ausdrucken und kleben (Basic: 19 Seiten, Pro: 23 Seiten). Du ben\u00f6tigst einen PC\/Laptop f\u00fcr den Download und den kostenlosen Acrobat Reader zum Drucken.<\/li>\n<li>A0-Datei f\u00fcr Basic und Pro, 2 Seiten (zum Drucken in der Plotterei)<\/li>\n<li>Schnittmuster enth\u00e4lt bereits die Nahtzugabe<\/li>\n<li>Viele Markierungen erleichtern das N\u00e4hen<\/li>\n<li>Schritt-f\u00fcr-Schritt Anleitung mit vielen Bildern (Basic-Anleitung und Pro-Anleitung)<\/li>\n<\/ul>\n<h3>Du brauchst:<\/h3>\n<ul data-pm-slice=\"3 3 []\" data-en-clipboard=\"true\">\n<li draggable=\"false\">\n<div draggable=\"false\">100 cm Au\u00dfenstoff, 140 cm breit: z.B. Cord, Jeans, Canvas, Oilskin, weiche Outdoorstoffe, wattierte Stoffe, Fellimitat, weiches Kunstleder, weiches Leder.<\/div>\n<\/li>\n<li draggable=\"false\">\n<div draggable=\"false\">65 cm Futterstoff, 140 cm breit: gewebter Baumwollstoff ohne Stretchanteil<\/div>\n<\/li>\n<li draggable=\"false\">\n<div draggable=\"false\">Bei d\u00fcnnen, weich fallenden Stoffes: Leichtes Volumenvlies VLIXO Volume Light oder H630 zum Aufb\u00fcgeln (130 x 60cm).<\/div>\n<\/li>\n<li draggable=\"false\">\n<div draggable=\"false\">Rest B\u00fcgeleinlage (z.B. VLIXO IO heavy, H250) f\u00fcr den Taschengurt und das Rei\u00dfverschlussfach<\/div>\n<\/li>\n<li draggable=\"false\">\n<div draggable=\"false\">Endlos-Rei\u00dfverschl\u00fcsse 3-3,4 cm breit: 45\u00a0 cm zum Verschlie\u00dfen der Tasche, 32 cm f\u00fcr das Rei\u00dfverschlussfach<\/div>\n<\/li>\n<li draggable=\"false\">\n<div draggable=\"false\">Optional fertiges Gurtband 4 cm breit: 37 cm<\/div>\n<\/li>\n<li draggable=\"false\">\n<div draggable=\"false\">F\u00fcr einen verstellaren Taschengurt aus Gutband: 100cm Gurtband 4cm breit, 1 passenden Schieber<\/div>\n<\/li>\n<\/ul>\n<div class=\"shariff\" data-services=\"pinterest%7Cfacebook\" data-url=\"https%3A%2F%2Fcrearesa.de%2Fshop%2Fprodukt%2Fhobo-bag-resa-pro-taschenschnittmuster%2F\" data-timestamp=\"1768426726\" data-hidezero=\"1\" data-backendurl=\"https:\/\/crearesa.de\/shop\/wp-json\/shariff\/v1\/share_counts?\"><ul class=\"shariff-buttons theme-default orientation-horizontal buttonsize-medium\"><li class=\"shariff-button pinterest shariff-nocustomcolor\" style=\"background-color:#e70f18\"><a href=\"https:\/\/www.pinterest.com\/pin\/create\/link\/?url=https%3A%2F%2Fcrearesa.de%2Fshop%2Fprodukt%2Fhobo-bag-resa-pro-taschenschnittmuster%2F&media=https%3A%2F%2Fcrearesa.de%2Fshop%2Fwp-content%2Fuploads%2F2025%2F12%2Fhobo-bag-resa-pro-schnittmuster-1.jpg&description=Hobo%20Bag%20Resa%20-%20Pro%20-%20Taschenschnittmuster\" title=\"Bei Pinterest pinnen\" aria-label=\"Bei Pinterest pinnen\" role=\"button\" rel=\"noreferrernoopener nofollow\" class=\"shariff-link\" style=\"; background-color:#cb2027; color:#fff\" target=\"_blank\"><span class=\"shariff-icon\" style=\"\"><svg width=\"32px\" height=\"20px\" xmlns=\"http:\/\/www.w3.org\/2000\/svg\" viewBox=\"0 0 27 32\"><path fill=\"#cb2027\" d=\"M27.4 16q0 3.7-1.8 6.9t-5 5-6.9 1.9q-2 0-3.9-0.6 1.1-1.7 1.4-2.9 0.2-0.6 1-3.8 0.4 0.7 1.3 1.2t2 0.5q2.1 0 3.8-1.2t2.7-3.4 0.9-4.8q0-2-1.1-3.8t-3.1-2.9-4.5-1.2q-1.9 0-3.5 0.5t-2.8 1.4-2 2-1.2 2.3-0.4 2.4q0 1.9 0.7 3.3t2.1 2q0.5 0.2 0.7-0.4 0-0.1 0.1-0.5t0.2-0.5q0.1-0.4-0.2-0.8-0.9-1.1-0.9-2.7 0-2.7 1.9-4.6t4.9-2q2.7 0 4.2 1.5t1.5 3.8q0 3-1.2 5.2t-3.1 2.1q-1.1 0-1.7-0.8t-0.4-1.9q0.1-0.6 0.5-1.7t0.5-1.8 0.2-1.4q0-0.9-0.5-1.5t-1.4-0.6q-1.1 0-1.9 1t-0.8 2.6q0 1.3 0.4 2.2l-1.8 7.5q-0.3 1.2-0.2 3.2-3.7-1.6-6-5t-2.3-7.6q0-3.7 1.9-6.9t5-5 6.9-1.9 6.9 1.9 5 5 1.8 6.9z\"\/><\/svg><\/span><span class=\"shariff-text\">merken<\/span>&nbsp;<span data-service=\"pinterest\" style=\"color:#cb2027\" class=\"shariff-count shariff-hidezero\"><\/span>&nbsp;<\/a><\/li><li class=\"shariff-button facebook shariff-nocustomcolor\" style=\"background-color:#4273c8\"><a href=\"https:\/\/www.facebook.com\/sharer\/sharer.php?u=https%3A%2F%2Fcrearesa.de%2Fshop%2Fprodukt%2Fhobo-bag-resa-pro-taschenschnittmuster%2F\" title=\"Bei Facebook teilen\" aria-label=\"Bei Facebook teilen\" role=\"button\" rel=\"noreferrernoopener nofollow\" class=\"shariff-link\" style=\"; background-color:#3b5998; color:#fff\" target=\"_blank\"><span class=\"shariff-icon\" style=\"\"><svg width=\"32px\" height=\"20px\" xmlns=\"http:\/\/www.w3.org\/2000\/svg\" viewBox=\"0 0 18 32\"><path fill=\"#3b5998\" d=\"M17.1 0.2v4.7h-2.8q-1.5 0-2.1 0.6t-0.5 1.9v3.4h5.2l-0.7 5.3h-4.5v13.6h-5.5v-13.6h-4.5v-5.3h4.5v-3.9q0-3.3 1.9-5.2t5-1.8q2.6 0 4.1 0.2z\"\/><\/svg><\/span><span class=\"shariff-text\">teilen<\/span>&nbsp;<span data-service=\"facebook\" style=\"color:#3b5998\" class=\"shariff-count shariff-hidezero\"><\/span>&nbsp;<\/a><\/li><li class=\"shariff-button printer shariff-nocustomcolor\" style=\"background-color:#a8a8a8\"><a href=\"javascript:window.print()\" title=\"drucken\" aria-label=\"drucken\" role=\"button\" rel=\"noreferrernoopener nofollow\" class=\"shariff-link\" style=\"; background-color:#999; color:#fff\"><span class=\"shariff-icon\" style=\"\"><svg width=\"32px\" height=\"20px\" xmlns=\"http:\/\/www.w3.org\/2000\/svg\" viewBox=\"0 0 30 32\"><path fill=\"#999\" d=\"M6.8 27.4h16v-4.6h-16v4.6zM6.8 16h16v-6.8h-2.8q-0.7 0-1.2-0.5t-0.5-1.2v-2.8h-11.4v11.4zM27.4 17.2q0-0.5-0.3-0.8t-0.8-0.4-0.8 0.4-0.3 0.8 0.3 0.8 0.8 0.3 0.8-0.3 0.3-0.8zM29.7 17.2v7.4q0 0.2-0.2 0.4t-0.4 0.2h-4v2.8q0 0.7-0.5 1.2t-1.2 0.5h-17.2q-0.7 0-1.2-0.5t-0.5-1.2v-2.8h-4q-0.2 0-0.4-0.2t-0.2-0.4v-7.4q0-1.4 1-2.4t2.4-1h1.2v-9.7q0-0.7 0.5-1.2t1.2-0.5h12q0.7 0 1.6 0.4t1.3 0.8l2.7 2.7q0.5 0.5 0.9 1.4t0.4 1.6v4.6h1.1q1.4 0 2.4 1t1 2.4z\"\/><\/svg><\/span><span class=\"shariff-text\">drucken<\/span>&nbsp;<\/a><\/li><\/ul><\/div>","protected":false},"excerpt":{"rendered":"<p>Ein Taschenschnittmuster f\u00fcr einen trendigen Shopper &#8211; E-Book zum Download nach dem Kauf<\/p>\n<ul>\n<li>Unterteilung der Au\u00dfentasche<\/li>\n<li>Rei\u00dfverschlussblende um die Tasche zu schlie\u00dfen<\/li>\n<li>Rei\u00dfverschlussfach und Steckfach im Futter<\/li>\n<li>optional: verstellbarer Taschengurt, Origami-Ecken, Seitenteil mit Mittelnaht<\/li>\n<\/ul>\n<div draggable=\"false\" data-pm-slice=\"1 1 []\" data-en-clipboard=\"true\"><span style=\"font-size: 16px;\">Mit diesen Extras kannst du dir deine <\/span><strong style=\"font-size: 16px;\">ganz individuelle Hobo Bag<\/strong><span style=\"font-size: 16px;\"> n\u00e4hen, denn <\/span><strong style=\"font-size: 16px;\">mit dem Kauf der Pro-Version bekommst du automatisch die <a href=\"https:\/\/crearesa.de\/shop\/produkt\/hob-bag-resa-basic-schnittmuster\/\">Basic-Version<\/a> mit<\/strong><span style=\"font-size: 16px;\">. Du kannst damit jederzeit die Au\u00dfen- oder Innentasche durch die BASIC-Version ersetzen und hast unz\u00e4hlige M\u00f6glichkeiten, die Tasche zu n\u00e4hen.<\/span><\/div>\n<div draggable=\"false\">\n<p><span style=\"font-size: 16px;\"><br \/>\nMehr Infos zur Basic und Pro-Version findest du <a href=\"https:\/\/crearesa.de\/hobo-bag-naehen-shopper-schnittmuster-fuer-anfaengerinnen-fortgeschrittene\/\">hier auf meinem Blog &#8211; <\/a>weitere Beispiele gen\u00e4hter Taschen\u00a0 auf <\/span><a style=\"font-size: 16px; background-color: #ffffff;\" href=\"https:\/\/www.instagram.com\/explore\/search\/keyword\/?q=%23hobobagresa\" target=\"_blank\" rel=\"noopener\">Instagram #hobobagresa<\/a><\/p>\n<\/div>\n","protected":false},"featured_media":34178,"comment_status":"open","ping_status":"closed","template":"","meta":{"site-sidebar-layout":"default","site-content-layout":"default","ast-site-content-layout":"default","site-content-style":"default","site-sidebar-style":"default","ast-global-header-display":"","ast-banner-title-visibility":"","ast-main-header-display":"","ast-hfb-above-header-display":"","ast-hfb-below-header-display":"","ast-hfb-mobile-header-display":"","site-post-title":"","ast-breadcrumbs-content":"","ast-featured-img":"","footer-sml-layout":"","ast-disable-related-posts":"","theme-transparent-header-meta":"default","adv-header-id-meta":"","stick-header-meta":"default","header-above-stick-meta":"","header-main-stick-meta":"","header-below-stick-meta":"","astra-migrate-meta-layouts":"set","ast-page-background-enabled":"default","ast-page-background-meta":{"desktop":{"background-color":"","background-image":"","background-repeat":"repeat","background-position":"center center","background-size":"auto","background-attachment":"scroll","background-type":"","background-media":"","overlay-type":"","overlay-color":"","overlay-opacity":"","overlay-gradient":""},"tablet":{"background-color":"","background-image":"","background-repeat":"repeat","background-position":"center center","background-size":"auto","background-attachment":"scroll","background-type":"","background-media":"","overlay-type":"","overlay-color":"","overlay-opacity":"","overlay-gradient":""},"mobile":{"background-color":"","background-image":"","background-repeat":"repeat","background-position":"center center","background-size":"auto","background-attachment":"scroll","background-type":"","background-media":"","overlay-type":"","overlay-color":"","overlay-opacity":"","overlay-gradient":""}},"ast-content-background-meta":{"desktop":{"background-color":"var(--ast-global-color-5)","background-image":"","background-repeat":"repeat","background-position":"center center","background-size":"auto","background-attachment":"scroll","background-type":"","background-media":"","overlay-type":"","overlay-color":"","overlay-opacity":"","overlay-gradient":""},"tablet":{"background-color":"var(--ast-global-color-5)","background-image":"","background-repeat":"repeat","background-position":"center center","background-size":"auto","background-attachment":"scroll","background-type":"","background-media":"","overlay-type":"","overlay-color":"","overlay-opacity":"","overlay-gradient":""},"mobile":{"background-color":"var(--ast-global-color-5)","background-image":"","background-repeat":"repeat","background-position":"center center","background-size":"auto","background-attachment":"scroll","background-type":"","background-media":"","overlay-type":"","overlay-color":"","overlay-opacity":"","overlay-gradient":""}}},"product_brand":[],"product_cat":[34],"product_tag":[61,63,245],"class_list":{"0":"post-34175","1":"product","2":"type-product","3":"status-publish","4":"has-post-thumbnail","6":"product_cat-schnittmuster-fuer-taschen","7":"product_tag-handtasche","8":"product_tag-schultertasche","9":"product_tag-hobo-bag-resa","10":"desktop-align-left","11":"tablet-align-left","12":"mobile-align-left","13":"ast-product-gallery-layout-horizontal","14":"ast-product-tabs-layout-vertical","16":"first","17":"instock","18":"downloadable","19":"virtual","20":"sold-individually","21":"taxable","22":"purchasable","23":"product-type-simple"},"yoast_head":"<!-- This site is optimized with the Yoast SEO plugin v27.3 - https:\/\/yoast.com\/product\/yoast-seo-wordpress\/ -->\n<title>Hobo Bag Resa - Pro - Taschenschnittmuster - creaResa - sch\u00f6ne Sachen selber machen<\/title>\n<meta name=\"description\" content=\"N\u00e4he dir eine angesagte Beuteltasche nach deinen Vorstellungen: mit Rei\u00dfverschluss oder Magnetverschluss, Steckfach oder Rei\u00dfverschlussfach - werde kreativ!\" \/>\n<meta name=\"robots\" content=\"index, follow, max-snippet:-1, max-image-preview:large, max-video-preview:-1\" \/>\n<link rel=\"canonical\" href=\"https:\/\/crearesa.de\/shop\/produkt\/hobo-bag-resa-pro-taschenschnittmuster\/\" \/>\n<meta property=\"og:locale\" content=\"de_DE\" \/>\n<meta property=\"og:type\" content=\"article\" \/>\n<meta property=\"og:title\" content=\"Hobo Bag Resa - Pro - Taschenschnittmuster - creaResa - sch\u00f6ne Sachen selber machen\" \/>\n<meta property=\"og:description\" content=\"N\u00e4he dir eine angesagte Beuteltasche nach deinen Vorstellungen: mit Rei\u00dfverschluss oder Magnetverschluss, Steckfach oder Rei\u00dfverschlussfach - werde kreativ!\" \/>\n<meta property=\"og:url\" content=\"https:\/\/crearesa.de\/shop\/produkt\/hobo-bag-resa-pro-taschenschnittmuster\/\" \/>\n<meta property=\"og:site_name\" content=\"creaResa - sch\u00f6ne Sachen selber machen\" \/>\n<meta property=\"article:publisher\" content=\"https:\/\/www.facebook.com\/crearesa\/\" \/>\n<meta property=\"article:modified_time\" content=\"2026-01-14T20:38:46+00:00\" \/>\n<meta property=\"og:image\" content=\"https:\/\/crearesa.de\/shop\/wp-content\/uploads\/2025\/12\/hobo-bag-resa-pro-schnittmuster-1.jpg\" \/>\n\t<meta property=\"og:image:width\" content=\"1500\" \/>\n\t<meta property=\"og:image:height\" content=\"1500\" \/>\n\t<meta property=\"og:image:type\" content=\"image\/jpeg\" \/>\n<meta name=\"twitter:card\" content=\"summary_large_image\" \/>\n<meta name=\"twitter:label1\" content=\"Gesch\u00e4tzte Lesezeit\" \/>\n\t<meta name=\"twitter:data1\" content=\"4\u00a0Minuten\" \/>\n<script type=\"application\/ld+json\" class=\"yoast-schema-graph\">{\"@context\":\"https:\\\/\\\/schema.org\",\"@graph\":[{\"@type\":\"WebPage\",\"@id\":\"https:\\\/\\\/crearesa.de\\\/shop\\\/produkt\\\/hobo-bag-resa-pro-taschenschnittmuster\\\/\",\"url\":\"https:\\\/\\\/crearesa.de\\\/shop\\\/produkt\\\/hobo-bag-resa-pro-taschenschnittmuster\\\/\",\"name\":\"Hobo Bag Resa - Pro - Taschenschnittmuster - creaResa - sch\u00f6ne Sachen selber machen\",\"isPartOf\":{\"@id\":\"https:\\\/\\\/crearesa.de\\\/shop\\\/#website\"},\"primaryImageOfPage\":{\"@id\":\"https:\\\/\\\/crearesa.de\\\/shop\\\/produkt\\\/hobo-bag-resa-pro-taschenschnittmuster\\\/#primaryimage\"},\"image\":{\"@id\":\"https:\\\/\\\/crearesa.de\\\/shop\\\/produkt\\\/hobo-bag-resa-pro-taschenschnittmuster\\\/#primaryimage\"},\"thumbnailUrl\":\"https:\\\/\\\/crearesa.de\\\/shop\\\/wp-content\\\/uploads\\\/2025\\\/12\\\/hobo-bag-resa-pro-schnittmuster-1.jpg\",\"datePublished\":\"2025-12-02T09:41:38+00:00\",\"dateModified\":\"2026-01-14T20:38:46+00:00\",\"description\":\"N\u00e4he dir eine angesagte Beuteltasche nach deinen Vorstellungen: mit Rei\u00dfverschluss oder Magnetverschluss, Steckfach oder Rei\u00dfverschlussfach - werde kreativ!\",\"breadcrumb\":{\"@id\":\"https:\\\/\\\/crearesa.de\\\/shop\\\/produkt\\\/hobo-bag-resa-pro-taschenschnittmuster\\\/#breadcrumb\"},\"inLanguage\":\"de\",\"potentialAction\":[{\"@type\":\"ReadAction\",\"target\":[\"https:\\\/\\\/crearesa.de\\\/shop\\\/produkt\\\/hobo-bag-resa-pro-taschenschnittmuster\\\/\"]}]},{\"@type\":\"ImageObject\",\"inLanguage\":\"de\",\"@id\":\"https:\\\/\\\/crearesa.de\\\/shop\\\/produkt\\\/hobo-bag-resa-pro-taschenschnittmuster\\\/#primaryimage\",\"url\":\"https:\\\/\\\/crearesa.de\\\/shop\\\/wp-content\\\/uploads\\\/2025\\\/12\\\/hobo-bag-resa-pro-schnittmuster-1.jpg\",\"contentUrl\":\"https:\\\/\\\/crearesa.de\\\/shop\\\/wp-content\\\/uploads\\\/2025\\\/12\\\/hobo-bag-resa-pro-schnittmuster-1.jpg\",\"width\":1500,\"height\":1500},{\"@type\":\"BreadcrumbList\",\"@id\":\"https:\\\/\\\/crearesa.de\\\/shop\\\/produkt\\\/hobo-bag-resa-pro-taschenschnittmuster\\\/#breadcrumb\",\"itemListElement\":[{\"@type\":\"ListItem\",\"position\":1,\"name\":\"Startseite\",\"item\":\"https:\\\/\\\/crearesa.de\\\/shop\\\/\"},{\"@type\":\"ListItem\",\"position\":2,\"name\":\"Schnittmuster Shop\",\"item\":\"https:\\\/\\\/crearesa.de\\\/shop\\\/\"},{\"@type\":\"ListItem\",\"position\":3,\"name\":\"Hobo Bag Resa &#8211; Pro &#8211; Taschenschnittmuster\"}]},{\"@type\":\"WebSite\",\"@id\":\"https:\\\/\\\/crearesa.de\\\/shop\\\/#website\",\"url\":\"https:\\\/\\\/crearesa.de\\\/shop\\\/\",\"name\":\"creaResa - sch\u00f6ne Sachen selber machen\",\"description\":\"Shop f\u00fcr Schnittmuster und N\u00e4hpakete\",\"publisher\":{\"@id\":\"https:\\\/\\\/crearesa.de\\\/shop\\\/#organization\"},\"potentialAction\":[{\"@type\":\"SearchAction\",\"target\":{\"@type\":\"EntryPoint\",\"urlTemplate\":\"https:\\\/\\\/crearesa.de\\\/shop\\\/?s={search_term_string}\"},\"query-input\":{\"@type\":\"PropertyValueSpecification\",\"valueRequired\":true,\"valueName\":\"search_term_string\"}}],\"inLanguage\":\"de\"},{\"@type\":\"Organization\",\"@id\":\"https:\\\/\\\/crearesa.de\\\/shop\\\/#organization\",\"name\":\"creaResa\",\"url\":\"https:\\\/\\\/crearesa.de\\\/shop\\\/\",\"logo\":{\"@type\":\"ImageObject\",\"inLanguage\":\"de\",\"@id\":\"https:\\\/\\\/crearesa.de\\\/shop\\\/#\\\/schema\\\/logo\\\/image\\\/\",\"url\":\"https:\\\/\\\/crearesa.de\\\/shop\\\/wp-content\\\/uploads\\\/2020\\\/06\\\/logo_crearesa-1.png\",\"contentUrl\":\"https:\\\/\\\/crearesa.de\\\/shop\\\/wp-content\\\/uploads\\\/2020\\\/06\\\/logo_crearesa-1.png\",\"width\":400,\"height\":172,\"caption\":\"creaResa\"},\"image\":{\"@id\":\"https:\\\/\\\/crearesa.de\\\/shop\\\/#\\\/schema\\\/logo\\\/image\\\/\"},\"sameAs\":[\"https:\\\/\\\/www.facebook.com\\\/crearesa\\\/\",\"https:\\\/\\\/www.instagram.com\\\/crearesa\\\/\",\"https:\\\/\\\/www.pinterest.de\\\/resa_crearesa\\\/\"]}]}<\/script>\n<!-- \/ Yoast SEO plugin. -->","yoast_head_json":{"title":"Hobo Bag Resa - Pro - Taschenschnittmuster - creaResa - sch\u00f6ne Sachen selber machen","description":"N\u00e4he dir eine angesagte Beuteltasche nach deinen Vorstellungen: mit Rei\u00dfverschluss oder Magnetverschluss, Steckfach oder Rei\u00dfverschlussfach - werde kreativ!","robots":{"index":"index","follow":"follow","max-snippet":"max-snippet:-1","max-image-preview":"max-image-preview:large","max-video-preview":"max-video-preview:-1"},"canonical":"https:\/\/crearesa.de\/shop\/produkt\/hobo-bag-resa-pro-taschenschnittmuster\/","og_locale":"de_DE","og_type":"article","og_title":"Hobo Bag Resa - Pro - Taschenschnittmuster - creaResa - sch\u00f6ne Sachen selber machen","og_description":"N\u00e4he dir eine angesagte Beuteltasche nach deinen Vorstellungen: mit Rei\u00dfverschluss oder Magnetverschluss, Steckfach oder Rei\u00dfverschlussfach - werde kreativ!","og_url":"https:\/\/crearesa.de\/shop\/produkt\/hobo-bag-resa-pro-taschenschnittmuster\/","og_site_name":"creaResa - sch\u00f6ne Sachen selber machen","article_publisher":"https:\/\/www.facebook.com\/crearesa\/","article_modified_time":"2026-01-14T20:38:46+00:00","og_image":[{"width":1500,"height":1500,"url":"https:\/\/crearesa.de\/shop\/wp-content\/uploads\/2025\/12\/hobo-bag-resa-pro-schnittmuster-1.jpg","type":"image\/jpeg"}],"twitter_card":"summary_large_image","twitter_misc":{"Gesch\u00e4tzte Lesezeit":"4\u00a0Minuten"},"schema":{"@context":"https:\/\/schema.org","@graph":[{"@type":"WebPage","@id":"https:\/\/crearesa.de\/shop\/produkt\/hobo-bag-resa-pro-taschenschnittmuster\/","url":"https:\/\/crearesa.de\/shop\/produkt\/hobo-bag-resa-pro-taschenschnittmuster\/","name":"Hobo Bag Resa - Pro - Taschenschnittmuster - creaResa - sch\u00f6ne Sachen selber machen","isPartOf":{"@id":"https:\/\/crearesa.de\/shop\/#website"},"primaryImageOfPage":{"@id":"https:\/\/crearesa.de\/shop\/produkt\/hobo-bag-resa-pro-taschenschnittmuster\/#primaryimage"},"image":{"@id":"https:\/\/crearesa.de\/shop\/produkt\/hobo-bag-resa-pro-taschenschnittmuster\/#primaryimage"},"thumbnailUrl":"https:\/\/crearesa.de\/shop\/wp-content\/uploads\/2025\/12\/hobo-bag-resa-pro-schnittmuster-1.jpg","datePublished":"2025-12-02T09:41:38+00:00","dateModified":"2026-01-14T20:38:46+00:00","description":"N\u00e4he dir eine angesagte Beuteltasche nach deinen Vorstellungen: mit Rei\u00dfverschluss oder Magnetverschluss, Steckfach oder Rei\u00dfverschlussfach - werde kreativ!","breadcrumb":{"@id":"https:\/\/crearesa.de\/shop\/produkt\/hobo-bag-resa-pro-taschenschnittmuster\/#breadcrumb"},"inLanguage":"de","potentialAction":[{"@type":"ReadAction","target":["https:\/\/crearesa.de\/shop\/produkt\/hobo-bag-resa-pro-taschenschnittmuster\/"]}]},{"@type":"ImageObject","inLanguage":"de","@id":"https:\/\/crearesa.de\/shop\/produkt\/hobo-bag-resa-pro-taschenschnittmuster\/#primaryimage","url":"https:\/\/crearesa.de\/shop\/wp-content\/uploads\/2025\/12\/hobo-bag-resa-pro-schnittmuster-1.jpg","contentUrl":"https:\/\/crearesa.de\/shop\/wp-content\/uploads\/2025\/12\/hobo-bag-resa-pro-schnittmuster-1.jpg","width":1500,"height":1500},{"@type":"BreadcrumbList","@id":"https:\/\/crearesa.de\/shop\/produkt\/hobo-bag-resa-pro-taschenschnittmuster\/#breadcrumb","itemListElement":[{"@type":"ListItem","position":1,"name":"Startseite","item":"https:\/\/crearesa.de\/shop\/"},{"@type":"ListItem","position":2,"name":"Schnittmuster Shop","item":"https:\/\/crearesa.de\/shop\/"},{"@type":"ListItem","position":3,"name":"Hobo Bag Resa &#8211; Pro &#8211; Taschenschnittmuster"}]},{"@type":"WebSite","@id":"https:\/\/crearesa.de\/shop\/#website","url":"https:\/\/crearesa.de\/shop\/","name":"creaResa - sch\u00f6ne Sachen selber machen","description":"Shop f\u00fcr Schnittmuster und N\u00e4hpakete","publisher":{"@id":"https:\/\/crearesa.de\/shop\/#organization"},"potentialAction":[{"@type":"SearchAction","target":{"@type":"EntryPoint","urlTemplate":"https:\/\/crearesa.de\/shop\/?s={search_term_string}"},"query-input":{"@type":"PropertyValueSpecification","valueRequired":true,"valueName":"search_term_string"}}],"inLanguage":"de"},{"@type":"Organization","@id":"https:\/\/crearesa.de\/shop\/#organization","name":"creaResa","url":"https:\/\/crearesa.de\/shop\/","logo":{"@type":"ImageObject","inLanguage":"de","@id":"https:\/\/crearesa.de\/shop\/#\/schema\/logo\/image\/","url":"https:\/\/crearesa.de\/shop\/wp-content\/uploads\/2020\/06\/logo_crearesa-1.png","contentUrl":"https:\/\/crearesa.de\/shop\/wp-content\/uploads\/2020\/06\/logo_crearesa-1.png","width":400,"height":172,"caption":"creaResa"},"image":{"@id":"https:\/\/crearesa.de\/shop\/#\/schema\/logo\/image\/"},"sameAs":["https:\/\/www.facebook.com\/crearesa\/","https:\/\/www.instagram.com\/crearesa\/","https:\/\/www.pinterest.de\/resa_crearesa\/"]}]}},"_links":{"self":[{"href":"https:\/\/crearesa.de\/shop\/wp-json\/wp\/v2\/product\/34175","targetHints":{"allow":["GET"]}}],"collection":[{"href":"https:\/\/crearesa.de\/shop\/wp-json\/wp\/v2\/product"}],"about":[{"href":"https:\/\/crearesa.de\/shop\/wp-json\/wp\/v2\/types\/product"}],"replies":[{"embeddable":true,"href":"https:\/\/crearesa.de\/shop\/wp-json\/wp\/v2\/comments?post=34175"}],"wp:featuredmedia":[{"embeddable":true,"href":"https:\/\/crearesa.de\/shop\/wp-json\/wp\/v2\/media\/34178"}],"wp:attachment":[{"href":"https:\/\/crearesa.de\/shop\/wp-json\/wp\/v2\/media?parent=34175"}],"wp:term":[{"taxonomy":"product_brand","embeddable":true,"href":"https:\/\/crearesa.de\/shop\/wp-json\/wp\/v2\/product_brand?post=34175"},{"taxonomy":"product_cat","embeddable":true,"href":"https:\/\/crearesa.de\/shop\/wp-json\/wp\/v2\/product_cat?post=34175"},{"taxonomy":"product_tag","embeddable":true,"href":"https:\/\/crearesa.de\/shop\/wp-json\/wp\/v2\/product_tag?post=34175"}],"curies":[{"name":"wp","href":"https:\/\/api.w.org\/{rel}","templated":true}]}}